{"id":901,"date":"2024-07-12T10:50:36","date_gmt":"2024-07-12T08:50:36","guid":{"rendered":"https:\/\/medirelax.be\/?post_type=product&#038;p=901"},"modified":"2025-02-26T12:59:15","modified_gmt":"2025-02-26T11:59:15","slug":"medi-plus-mini-bi-moteurs","status":"publish","type":"product","link":"https:\/\/medirelax.be\/?product=medi-plus-mini-bi-moteurs","title":{"rendered":"MEDI PLUS MINI BI MOTEURS"},"content":{"rendered":"\t\t<div data-elementor-type=\"product-post\" data-elementor-id=\"901\" class=\"elementor elementor-901\" data-elementor-post-type=\"product\">\n\t\t\t\t<div class=\"elementor-element elementor-element-16bde7fd e-flex e-con-boxed e-con e-parent\" data-id=\"16bde7fd\" data-element_type=\"container\" data-e-type=\"container\">\n\t\t\t\t\t<div class=\"e-con-inner\">\n\t\t\t\t<div class=\"elementor-element elementor-element-48063e8b elementor-widget elementor-widget-text-editor\" data-id=\"48063e8b\" data-element_type=\"widget\" data-e-type=\"widget\" data-widget_type=\"text-editor.default\">\n\t\t\t\t<div class=\"elementor-widget-container\">\n\t\t\t\t\t\t\t\t\tMedi plus mini comprenant deux moteurs\r\n\r\nParfaitement adapt\u00e9 aux personnes de petite taille\r\n\r\nPOINTS FORTS \u2022 Prot\u00e8ge accoudoirs et prot\u00e8ge appui-t\u00eate de s\u00e9rie \u2022 Velours \u00absoft touch\u00bb Rev\u00eatement Qualitex haute r\u00e9sistance aux frottements\r\n\r\nVOUS APPR\u00c9CIEREZ Ses dimensions facilitant l\u2019acc\u00e8s des personnes de petite taille\t\t\t\t\t\t\t\t<\/div>\n\t\t\t\t<\/div>\n\t\t\t\t\t<\/div>\n\t\t\t\t<\/div>\n\t\t<div class=\"elementor-element elementor-element-b21a402 e-flex e-con-boxed e-con e-parent\" data-id=\"b21a402\" data-element_type=\"container\" data-e-type=\"container\">\n\t\t\t\t\t<div class=\"e-con-inner\">\n\t\t<div class=\"elementor-element elementor-element-45531e1 e-con-full e-flex e-con e-child\" data-id=\"45531e1\" data-element_type=\"container\" data-e-type=\"container\">\n\t\t\t\t<div class=\"elementor-element elementor-element-2794eaa elementor-widget elementor-widget-image\" data-id=\"2794eaa\" data-element_type=\"widget\" data-e-type=\"widget\" data-widget_type=\"image.default\">\n\t\t\t\t<div class=\"elementor-widget-container\">\n\t\t\t\t\t\t\t\t\t\t\t\t\t\t\t<img fetchpriority=\"high\" decoding=\"async\" width=\"700\" height=\"500\" src=\"https:\/\/medirelax.be\/wp-content\/uploads\/2024\/07\/Revetement.jpg\" class=\"attachment-large size-large wp-image-1795\" alt=\"Revetement\" srcset=\"https:\/\/medirelax.be\/wp-content\/uploads\/2024\/07\/Revetement.jpg 700w, https:\/\/medirelax.be\/wp-content\/uploads\/2024\/07\/Revetement-300x214.jpg 300w, https:\/\/medirelax.be\/wp-content\/uploads\/2024\/07\/Revetement-600x429.jpg 600w\" sizes=\"(max-width: 700px) 100vw, 700px\" \/>\t\t\t\t\t\t\t\t\t\t\t\t\t\t\t<\/div>\n\t\t\t\t<\/div>\n\t\t\t\t<\/div>\n\t\t<div class=\"elementor-element elementor-element-8fe9cfe e-con-full e-flex e-con e-child\" data-id=\"8fe9cfe\" data-element_type=\"container\" data-e-type=\"container\">\n\t\t\t\t<div class=\"elementor-element elementor-element-3c18ce5 elementor-widget elementor-widget-image\" data-id=\"3c18ce5\" data-element_type=\"widget\" data-e-type=\"widget\" data-widget_type=\"image.default\">\n\t\t\t\t<div class=\"elementor-widget-container\">\n\t\t\t\t\t\t\t\t\t\t\t\t\t\t\t<img decoding=\"async\" width=\"700\" height=\"500\" src=\"https:\/\/medirelax.be\/wp-content\/uploads\/2024\/07\/remote.jpg\" class=\"attachment-large size-large wp-image-1792\" alt=\"remote\" srcset=\"https:\/\/medirelax.be\/wp-content\/uploads\/2024\/07\/remote.jpg 700w, https:\/\/medirelax.be\/wp-content\/uploads\/2024\/07\/remote-300x214.jpg 300w, https:\/\/medirelax.be\/wp-content\/uploads\/2024\/07\/remote-600x429.jpg 600w\" sizes=\"(max-width: 700px) 100vw, 700px\" \/>\t\t\t\t\t\t\t\t\t\t\t\t\t\t\t<\/div>\n\t\t\t\t<\/div>\n\t\t\t\t<\/div>\n\t\t\t\t\t<\/div>\n\t\t\t\t<\/div>\n\t\t<div class=\"elementor-element elementor-element-b305b72 e-flex e-con-boxed e-con e-parent\" data-id=\"b305b72\" data-element_type=\"container\" data-e-type=\"container\">\n\t\t\t\t\t<div class=\"e-con-inner\">\n\t\t<div class=\"elementor-element elementor-element-62e0d71 e-con-full e-flex e-con e-child\" data-id=\"62e0d71\" data-element_type=\"container\" data-e-type=\"container\">\n\t\t\t\t<div class=\"elementor-element elementor-element-94f5be8 elementor-widget elementor-widget-image\" data-id=\"94f5be8\" data-element_type=\"widget\" data-e-type=\"widget\" data-widget_type=\"image.default\">\n\t\t\t\t<div class=\"elementor-widget-container\">\n\t\t\t\t\t\t\t\t\t\t\t\t\t\t\t<img decoding=\"async\" width=\"700\" height=\"500\" src=\"https:\/\/medirelax.be\/wp-content\/uploads\/2024\/07\/Positions.jpg\" class=\"attachment-large size-large wp-image-1794\" alt=\"Positions\" srcset=\"https:\/\/medirelax.be\/wp-content\/uploads\/2024\/07\/Positions.jpg 700w, https:\/\/medirelax.be\/wp-content\/uploads\/2024\/07\/Positions-300x214.jpg 300w, https:\/\/medirelax.be\/wp-content\/uploads\/2024\/07\/Positions-600x429.jpg 600w\" sizes=\"(max-width: 700px) 100vw, 700px\" \/>\t\t\t\t\t\t\t\t\t\t\t\t\t\t\t<\/div>\n\t\t\t\t<\/div>\n\t\t\t\t<\/div>\n\t\t<div class=\"elementor-element elementor-element-b303848 e-con-full e-flex e-con e-child\" data-id=\"b303848\" data-element_type=\"container\" data-e-type=\"container\">\n\t\t\t\t<div class=\"elementor-element elementor-element-4c7a4cd elementor-widget elementor-widget-image\" data-id=\"4c7a4cd\" data-element_type=\"widget\" data-e-type=\"widget\" data-widget_type=\"image.default\">\n\t\t\t\t<div class=\"elementor-widget-container\">\n\t\t\t\t\t\t\t\t\t\t\t\t\t\t\t<img loading=\"lazy\" decoding=\"async\" width=\"700\" height=\"500\" src=\"https:\/\/medirelax.be\/wp-content\/uploads\/2024\/07\/dimensions.jpg\" class=\"attachment-large size-large wp-image-1793\" alt=\"dimensions\" srcset=\"https:\/\/medirelax.be\/wp-content\/uploads\/2024\/07\/dimensions.jpg 700w, https:\/\/medirelax.be\/wp-content\/uploads\/2024\/07\/dimensions-300x214.jpg 300w, https:\/\/medirelax.be\/wp-content\/uploads\/2024\/07\/dimensions-600x429.jpg 600w\" sizes=\"(max-width: 700px) 100vw, 700px\" \/>\t\t\t\t\t\t\t\t\t\t\t\t\t\t\t<\/div>\n\t\t\t\t<\/div>\n\t\t\t\t<\/div>\n\t\t\t\t\t<\/div>\n\t\t\t\t<\/div>\n\t\t\t\t<\/div>\n\t\t","protected":false},"excerpt":{"rendered":"<p>Poss\u00e8de deux moteurs<\/p>\n<p>Parfaitement adapt\u00e9 aux personnes de petite taille<\/p>\n<p>POINTS FORTS \u2022 Prot\u00e8ge accoudoirs et prot\u00e8ge appui-t\u00eate de s\u00e9rie \u2022 Velours \u00absoft touch\u00bb Rev\u00eatement Qualitex haute r\u00e9sistance aux frottements<\/p>\n<p>VOUS APPR\u00c9CIEREZ Ses dimensions facilitant l\u2019acc\u00e8s des personnes de petite taille<\/p>\n","protected":false},"featured_media":205,"template":"","meta":[],"product_brand":[],"product_cat":[28,99],"product_tag":[],"class_list":{"0":"post-901","1":"product","2":"type-product","3":"status-publish","4":"has-post-thumbnail","6":"product_cat-fauteuil-releveur","7":"product_cat-tailles-speciales","9":"first","10":"instock","11":"shipping-taxable","12":"purchasable","13":"product-type-simple"},"yoast_head":"<!-- This site is optimized with the Yoast SEO plugin v27.0 - https:\/\/yoast.com\/product\/yoast-seo-wordpress\/ -->\n<title>MEDI PLUS MINI BI MOTEURS - Medirelax<\/title>\n<meta name=\"description\" content=\"Parfaitement adapt\u00e9 aux personnes de petite taille \u2022 Prot\u00e8ge accoudoirs et prot\u00e8ge appui-t\u00eate de s\u00e9rie \u2022 Velours \u00absoft touch\u00bb Rev\u00eatement Qualitex haute r\u00e9sistance aux frottements\" \/>\n<meta name=\"robots\" content=\"index, follow, max-snippet:-1, max-image-preview:large, max-video-preview:-1\" \/>\n<link rel=\"canonical\" href=\"https:\/\/medirelax.be\/?product=medi-plus-mini-bi-moteurs\" \/>\n<meta property=\"og:locale\" content=\"fr_FR\" \/>\n<meta property=\"og:type\" content=\"article\" \/>\n<meta property=\"og:title\" content=\"MEDI PLUS MINI BI MOTEURS - Medirelax\" \/>\n<meta property=\"og:description\" content=\"Parfaitement adapt\u00e9 aux personnes de petite taille \u2022 Prot\u00e8ge accoudoirs et prot\u00e8ge appui-t\u00eate de s\u00e9rie \u2022 Velours \u00absoft touch\u00bb Rev\u00eatement Qualitex haute r\u00e9sistance aux frottements\" \/>\n<meta property=\"og:url\" content=\"https:\/\/medirelax.be\/?product=medi-plus-mini-bi-moteurs\" \/>\n<meta property=\"og:site_name\" content=\"Medirelax\" \/>\n<meta property=\"article:modified_time\" content=\"2025-02-26T11:59:15+00:00\" \/>\n<meta property=\"og:image\" content=\"https:\/\/medirelax.be\/wp-content\/uploads\/2024\/06\/Plus-daim-ambiance.jpg\" \/>\n\t<meta property=\"og:image:width\" content=\"500\" \/>\n\t<meta property=\"og:image:height\" content=\"600\" \/>\n\t<meta property=\"og:image:type\" content=\"image\/jpeg\" \/>\n<meta name=\"twitter:card\" content=\"summary_large_image\" \/>\n<script type=\"application\/ld+json\" class=\"yoast-schema-graph\">{\"@context\":\"https:\/\/schema.org\",\"@graph\":[{\"@type\":\"WebPage\",\"@id\":\"https:\/\/medirelax.be\/?product=medi-plus-mini-bi-moteurs\",\"url\":\"https:\/\/medirelax.be\/?product=medi-plus-mini-bi-moteurs\",\"name\":\"MEDI PLUS MINI BI MOTEURS - Medirelax\",\"isPartOf\":{\"@id\":\"https:\/\/medirelax.be\/#website\"},\"primaryImageOfPage\":{\"@id\":\"https:\/\/medirelax.be\/?product=medi-plus-mini-bi-moteurs#primaryimage\"},\"image\":{\"@id\":\"https:\/\/medirelax.be\/?product=medi-plus-mini-bi-moteurs#primaryimage\"},\"thumbnailUrl\":\"https:\/\/medirelax.be\/wp-content\/uploads\/2024\/06\/Plus-daim-ambiance.jpg\",\"datePublished\":\"2024-07-12T08:50:36+00:00\",\"dateModified\":\"2025-02-26T11:59:15+00:00\",\"description\":\"Parfaitement adapt\u00e9 aux personnes de petite taille \u2022 Prot\u00e8ge accoudoirs et prot\u00e8ge appui-t\u00eate de s\u00e9rie \u2022 Velours \u00absoft touch\u00bb Rev\u00eatement Qualitex haute r\u00e9sistance aux frottements\",\"breadcrumb\":{\"@id\":\"https:\/\/medirelax.be\/?product=medi-plus-mini-bi-moteurs#breadcrumb\"},\"inLanguage\":\"fr-FR\",\"potentialAction\":[{\"@type\":\"ReadAction\",\"target\":[\"https:\/\/medirelax.be\/?product=medi-plus-mini-bi-moteurs\"]}]},{\"@type\":\"ImageObject\",\"inLanguage\":\"fr-FR\",\"@id\":\"https:\/\/medirelax.be\/?product=medi-plus-mini-bi-moteurs#primaryimage\",\"url\":\"https:\/\/medirelax.be\/wp-content\/uploads\/2024\/06\/Plus-daim-ambiance.jpg\",\"contentUrl\":\"https:\/\/medirelax.be\/wp-content\/uploads\/2024\/06\/Plus-daim-ambiance.jpg\",\"width\":500,\"height\":600,\"caption\":\"Mini Plus daim ambiance\"},{\"@type\":\"BreadcrumbList\",\"@id\":\"https:\/\/medirelax.be\/?product=medi-plus-mini-bi-moteurs#breadcrumb\",\"itemListElement\":[{\"@type\":\"ListItem\",\"position\":1,\"name\":\"Home\",\"item\":\"https:\/\/medirelax.be\/\"},{\"@type\":\"ListItem\",\"position\":2,\"name\":\"Shop\",\"item\":\"https:\/\/medirelax.be\/?page_id=10\"},{\"@type\":\"ListItem\",\"position\":3,\"name\":\"MEDI PLUS MINI BI MOTEURS\"}]},{\"@type\":\"WebSite\",\"@id\":\"https:\/\/medirelax.be\/#website\",\"url\":\"https:\/\/medirelax.be\/\",\"name\":\"Medirelax\",\"description\":\"Medirelax, un monde de d\u00e9tente et de bien-\u00eatre\",\"potentialAction\":[{\"@type\":\"SearchAction\",\"target\":{\"@type\":\"EntryPoint\",\"urlTemplate\":\"https:\/\/medirelax.be\/?s={search_term_string}\"},\"query-input\":{\"@type\":\"PropertyValueSpecification\",\"valueRequired\":true,\"valueName\":\"search_term_string\"}}],\"inLanguage\":\"fr-FR\"}]}<\/script>\n<!-- \/ Yoast SEO plugin. -->","yoast_head_json":{"title":"MEDI PLUS MINI BI MOTEURS - Medirelax","description":"Parfaitement adapt\u00e9 aux personnes de petite taille \u2022 Prot\u00e8ge accoudoirs et prot\u00e8ge appui-t\u00eate de s\u00e9rie \u2022 Velours \u00absoft touch\u00bb Rev\u00eatement Qualitex haute r\u00e9sistance aux frottements","robots":{"index":"index","follow":"follow","max-snippet":"max-snippet:-1","max-image-preview":"max-image-preview:large","max-video-preview":"max-video-preview:-1"},"canonical":"https:\/\/medirelax.be\/?product=medi-plus-mini-bi-moteurs","og_locale":"fr_FR","og_type":"article","og_title":"MEDI PLUS MINI BI MOTEURS - Medirelax","og_description":"Parfaitement adapt\u00e9 aux personnes de petite taille \u2022 Prot\u00e8ge accoudoirs et prot\u00e8ge appui-t\u00eate de s\u00e9rie \u2022 Velours \u00absoft touch\u00bb Rev\u00eatement Qualitex haute r\u00e9sistance aux frottements","og_url":"https:\/\/medirelax.be\/?product=medi-plus-mini-bi-moteurs","og_site_name":"Medirelax","article_modified_time":"2025-02-26T11:59:15+00:00","og_image":[{"width":500,"height":600,"url":"https:\/\/medirelax.be\/wp-content\/uploads\/2024\/06\/Plus-daim-ambiance.jpg","type":"image\/jpeg"}],"twitter_card":"summary_large_image","schema":{"@context":"https:\/\/schema.org","@graph":[{"@type":"WebPage","@id":"https:\/\/medirelax.be\/?product=medi-plus-mini-bi-moteurs","url":"https:\/\/medirelax.be\/?product=medi-plus-mini-bi-moteurs","name":"MEDI PLUS MINI BI MOTEURS - Medirelax","isPartOf":{"@id":"https:\/\/medirelax.be\/#website"},"primaryImageOfPage":{"@id":"https:\/\/medirelax.be\/?product=medi-plus-mini-bi-moteurs#primaryimage"},"image":{"@id":"https:\/\/medirelax.be\/?product=medi-plus-mini-bi-moteurs#primaryimage"},"thumbnailUrl":"https:\/\/medirelax.be\/wp-content\/uploads\/2024\/06\/Plus-daim-ambiance.jpg","datePublished":"2024-07-12T08:50:36+00:00","dateModified":"2025-02-26T11:59:15+00:00","description":"Parfaitement adapt\u00e9 aux personnes de petite taille \u2022 Prot\u00e8ge accoudoirs et prot\u00e8ge appui-t\u00eate de s\u00e9rie \u2022 Velours \u00absoft touch\u00bb Rev\u00eatement Qualitex haute r\u00e9sistance aux frottements","breadcrumb":{"@id":"https:\/\/medirelax.be\/?product=medi-plus-mini-bi-moteurs#breadcrumb"},"inLanguage":"fr-FR","potentialAction":[{"@type":"ReadAction","target":["https:\/\/medirelax.be\/?product=medi-plus-mini-bi-moteurs"]}]},{"@type":"ImageObject","inLanguage":"fr-FR","@id":"https:\/\/medirelax.be\/?product=medi-plus-mini-bi-moteurs#primaryimage","url":"https:\/\/medirelax.be\/wp-content\/uploads\/2024\/06\/Plus-daim-ambiance.jpg","contentUrl":"https:\/\/medirelax.be\/wp-content\/uploads\/2024\/06\/Plus-daim-ambiance.jpg","width":500,"height":600,"caption":"Mini Plus daim ambiance"},{"@type":"BreadcrumbList","@id":"https:\/\/medirelax.be\/?product=medi-plus-mini-bi-moteurs#breadcrumb","itemListElement":[{"@type":"ListItem","position":1,"name":"Home","item":"https:\/\/medirelax.be\/"},{"@type":"ListItem","position":2,"name":"Shop","item":"https:\/\/medirelax.be\/?page_id=10"},{"@type":"ListItem","position":3,"name":"MEDI PLUS MINI BI MOTEURS"}]},{"@type":"WebSite","@id":"https:\/\/medirelax.be\/#website","url":"https:\/\/medirelax.be\/","name":"Medirelax","description":"Medirelax, un monde de d\u00e9tente et de bien-\u00eatre","potentialAction":[{"@type":"SearchAction","target":{"@type":"EntryPoint","urlTemplate":"https:\/\/medirelax.be\/?s={search_term_string}"},"query-input":{"@type":"PropertyValueSpecification","valueRequired":true,"valueName":"search_term_string"}}],"inLanguage":"fr-FR"}]}},"_links":{"self":[{"href":"https:\/\/medirelax.be\/index.php?rest_route=\/wp\/v2\/product\/901","targetHints":{"allow":["GET"]}}],"collection":[{"href":"https:\/\/medirelax.be\/index.php?rest_route=\/wp\/v2\/product"}],"about":[{"href":"https:\/\/medirelax.be\/index.php?rest_route=\/wp\/v2\/types\/product"}],"version-history":[{"count":1,"href":"https:\/\/medirelax.be\/index.php?rest_route=\/wp\/v2\/product\/901\/revisions"}],"predecessor-version":[{"id":2847,"href":"https:\/\/medirelax.be\/index.php?rest_route=\/wp\/v2\/product\/901\/revisions\/2847"}],"wp:featuredmedia":[{"embeddable":true,"href":"https:\/\/medirelax.be\/index.php?rest_route=\/wp\/v2\/media\/205"}],"wp:attachment":[{"href":"https:\/\/medirelax.be\/index.php?rest_route=%2Fwp%2Fv2%2Fmedia&parent=901"}],"wp:term":[{"taxonomy":"product_brand","embeddable":true,"href":"https:\/\/medirelax.be\/index.php?rest_route=%2Fwp%2Fv2%2Fproduct_brand&post=901"},{"taxonomy":"product_cat","embeddable":true,"href":"https:\/\/medirelax.be\/index.php?rest_route=%2Fwp%2Fv2%2Fproduct_cat&post=901"},{"taxonomy":"product_tag","embeddable":true,"href":"https:\/\/medirelax.be\/index.php?rest_route=%2Fwp%2Fv2%2Fproduct_tag&post=901"}],"curies":[{"name":"wp","href":"https:\/\/api.w.org\/{rel}","templated":true}]}}