{"id":3073,"date":"2025-02-27T17:32:34","date_gmt":"2025-02-27T16:32:34","guid":{"rendered":"https:\/\/medirelax.be\/?post_type=product&#038;p=3073"},"modified":"2025-02-27T17:35:45","modified_gmt":"2025-02-27T16:35:45","slug":"medi-moderne-chauffant-bi-moteurs","status":"publish","type":"product","link":"https:\/\/medirelax.be\/?product=medi-moderne-chauffant-bi-moteurs","title":{"rendered":"MEDI MODERNE CHAUFFANT BI MOTEURS"},"content":{"rendered":"\t\t<div data-elementor-type=\"product-post\" data-elementor-id=\"3073\" class=\"elementor elementor-3073\" data-elementor-post-type=\"product\">\n\t\t\t\t<div class=\"elementor-element elementor-element-5403a0e9 e-flex e-con-boxed e-con e-parent\" data-id=\"5403a0e9\" data-element_type=\"container\" data-e-type=\"container\">\n\t\t\t\t\t<div class=\"e-con-inner\">\n\t\t\t\t<div class=\"elementor-element elementor-element-3df95192 elementor-widget elementor-widget-text-editor\" data-id=\"3df95192\" data-element_type=\"widget\" data-e-type=\"widget\" data-widget_type=\"text-editor.default\">\n\t\t\t\t<div class=\"elementor-widget-container\">\n\t\t\t\t\t\t\t\t\t<p class=\"p1\"><b>POINTS FORTS<\/b><\/p><p class=\"p2\">\u2022 Prot\u00e8ge accoudoirs et appui t\u00eate<\/p><p class=\"p2\">\u2022 Velours toucher doux, anti t\u00e2ches tr\u00e8s haute r\u00e9sistance <br \/>aux frottements (test r\u00e9sistance \u00e0 l\u2019abrasion <br \/>&gt; 100 000 tours martindale )<\/p><p class=\"p2\">\u2022 La fonction Zen<\/p><p class=\"p1\"><b>Vous appr\u00e9cierez <\/b><\/p><p class=\"p2\">La bascule d\u2019assise \u00e9galement en position assise pour limiter<br \/>les risques de projection vers l\u2019avant.<br \/>Une t\u00e9l\u00e9commande simple<br \/>pour une utilisation facilit\u00e9e<\/p><p class=\"p1\"><b>La technologie infra rouge <\/b><\/p><p class=\"p2\"><i>elle permet une meilleure p\u00e9n\u00e9tration plus en profondeur de la chaleur dans les tissus superficiels du corps humain pour r\u00e9duire les inflammations, la douleur, les tensions musculaires et am\u00e9liorer la circulation sanguine. Ce mode de production<span class=\"Apple-converted-space\">\u00a0 <\/span>\u00ab\u00a0non agressif\u00a0\u00bb contribue au traitement th\u00e9rapeutique compl\u00e9mentaire par la chaleur des blessures et soulage l\u2019\u0153d\u00e8me en favorisant la r\u00e9g\u00e9n\u00e9ration cellulaire. Il a des effets b\u00e9n\u00e9fiques sur le bien \u00eatre en g\u00e9n\u00e9ral, sur l&rsquo;anxi\u00e9t\u00e9 et le sommeil ; vous \u00ab\u00a0absorbez\u00a0\u00bb le meilleur du soleil sans les mauvaises ondes des rayons UV.<\/i><\/p><p class=\"p1\"><span class=\"s1\"><b>Chaleur standard \/ Chaleur par Infra rouge <\/b><\/span><i>L\u2019utilisation de la chaleur comme th\u00e9rapie dans le soulagement de la douleur s\u2019est d\u00e9mocratis\u00e9e, rendant accessibles \u00e0 la maison diff\u00e9rents \u00e9quipements domestiques. La production de chaleur peut faire appel \u00e0 une forme standard plus commun\u00e9ment r\u00e9pandue (r\u00e9sistance \u00e9lectrique, ou un autre \u00e9l\u00e9ment chauffant (de l\u2019eau par exemple)) ou plus performante (la technologie des infra-rouges de \u00abprofondeur\u00bb). Les modes d\u2019actions et b\u00e9n\u00e9fices sont diff\u00e9rents<\/i><\/p>\t\t\t\t\t\t\t\t<\/div>\n\t\t\t\t<\/div>\n\t\t\t\t\t<\/div>\n\t\t\t\t<\/div>\n\t\t<div class=\"elementor-element elementor-element-9fa1d0e e-flex e-con-boxed e-con e-parent\" data-id=\"9fa1d0e\" data-element_type=\"container\" data-e-type=\"container\">\n\t\t\t\t\t<div class=\"e-con-inner\">\n\t\t<div class=\"elementor-element elementor-element-20ab820 e-con-full e-flex e-con e-child\" data-id=\"20ab820\" data-element_type=\"container\" data-e-type=\"container\">\n\t\t\t\t<div class=\"elementor-element elementor-element-951bb6c elementor-widget elementor-widget-image\" data-id=\"951bb6c\" data-element_type=\"widget\" data-e-type=\"widget\" data-widget_type=\"image.default\">\n\t\t\t\t<div class=\"elementor-widget-container\">\n\t\t\t\t\t\t\t\t\t\t\t\t\t\t\t<img fetchpriority=\"high\" decoding=\"async\" width=\"700\" height=\"500\" src=\"https:\/\/medirelax.be\/wp-content\/uploads\/2025\/02\/Medi-moderne-chauffant-5.jpg\" class=\"attachment-large size-large wp-image-3077\" alt=\"\" srcset=\"https:\/\/medirelax.be\/wp-content\/uploads\/2025\/02\/Medi-moderne-chauffant-5.jpg 700w, https:\/\/medirelax.be\/wp-content\/uploads\/2025\/02\/Medi-moderne-chauffant-5-300x214.jpg 300w, https:\/\/medirelax.be\/wp-content\/uploads\/2025\/02\/Medi-moderne-chauffant-5-600x429.jpg 600w\" sizes=\"(max-width: 700px) 100vw, 700px\" \/>\t\t\t\t\t\t\t\t\t\t\t\t\t\t\t<\/div>\n\t\t\t\t<\/div>\n\t\t\t\t<\/div>\n\t\t<div class=\"elementor-element elementor-element-4d88b78 e-con-full e-flex e-con e-child\" data-id=\"4d88b78\" data-element_type=\"container\" data-e-type=\"container\">\n\t\t\t\t<div class=\"elementor-element elementor-element-833aee1 elementor-widget elementor-widget-image\" data-id=\"833aee1\" data-element_type=\"widget\" data-e-type=\"widget\" data-widget_type=\"image.default\">\n\t\t\t\t<div class=\"elementor-widget-container\">\n\t\t\t\t\t\t\t\t\t\t\t\t\t\t\t<img decoding=\"async\" width=\"700\" height=\"500\" src=\"https:\/\/medirelax.be\/wp-content\/uploads\/2025\/02\/Medi-moderne-chauffant-6.jpg\" class=\"attachment-large size-large wp-image-3076\" alt=\"\" srcset=\"https:\/\/medirelax.be\/wp-content\/uploads\/2025\/02\/Medi-moderne-chauffant-6.jpg 700w, https:\/\/medirelax.be\/wp-content\/uploads\/2025\/02\/Medi-moderne-chauffant-6-300x214.jpg 300w, https:\/\/medirelax.be\/wp-content\/uploads\/2025\/02\/Medi-moderne-chauffant-6-600x429.jpg 600w\" sizes=\"(max-width: 700px) 100vw, 700px\" \/>\t\t\t\t\t\t\t\t\t\t\t\t\t\t\t<\/div>\n\t\t\t\t<\/div>\n\t\t\t\t<\/div>\n\t\t\t\t\t<\/div>\n\t\t\t\t<\/div>\n\t\t<div class=\"elementor-element elementor-element-dd662db e-flex e-con-boxed e-con e-parent\" data-id=\"dd662db\" data-element_type=\"container\" data-e-type=\"container\">\n\t\t\t\t\t<div class=\"e-con-inner\">\n\t\t<div class=\"elementor-element elementor-element-44385d4 e-con-full e-flex e-con e-child\" data-id=\"44385d4\" data-element_type=\"container\" data-e-type=\"container\">\n\t\t\t\t<div class=\"elementor-element elementor-element-e3e600a elementor-widget elementor-widget-image\" data-id=\"e3e600a\" data-element_type=\"widget\" data-e-type=\"widget\" data-widget_type=\"image.default\">\n\t\t\t\t<div class=\"elementor-widget-container\">\n\t\t\t\t\t\t\t\t\t\t\t\t\t\t\t<img decoding=\"async\" width=\"700\" height=\"500\" src=\"https:\/\/medirelax.be\/wp-content\/uploads\/2025\/02\/Medi-moderne-chauffant-7.jpg\" class=\"attachment-large size-large wp-image-3075\" alt=\"\" srcset=\"https:\/\/medirelax.be\/wp-content\/uploads\/2025\/02\/Medi-moderne-chauffant-7.jpg 700w, https:\/\/medirelax.be\/wp-content\/uploads\/2025\/02\/Medi-moderne-chauffant-7-300x214.jpg 300w, https:\/\/medirelax.be\/wp-content\/uploads\/2025\/02\/Medi-moderne-chauffant-7-600x429.jpg 600w\" sizes=\"(max-width: 700px) 100vw, 700px\" \/>\t\t\t\t\t\t\t\t\t\t\t\t\t\t\t<\/div>\n\t\t\t\t<\/div>\n\t\t\t\t<\/div>\n\t\t<div class=\"elementor-element elementor-element-83703eb e-con-full e-flex e-con e-child\" data-id=\"83703eb\" data-element_type=\"container\" data-e-type=\"container\">\n\t\t\t\t<div class=\"elementor-element elementor-element-11d9b03 elementor-widget elementor-widget-image\" data-id=\"11d9b03\" data-element_type=\"widget\" data-e-type=\"widget\" data-widget_type=\"image.default\">\n\t\t\t\t<div class=\"elementor-widget-container\">\n\t\t\t\t\t\t\t\t\t\t\t\t\t\t\t<img loading=\"lazy\" decoding=\"async\" width=\"700\" height=\"500\" src=\"https:\/\/medirelax.be\/wp-content\/uploads\/2025\/02\/Medi-moderne-chauffant-8.jpg\" class=\"attachment-large size-large wp-image-3074\" alt=\"\" srcset=\"https:\/\/medirelax.be\/wp-content\/uploads\/2025\/02\/Medi-moderne-chauffant-8.jpg 700w, https:\/\/medirelax.be\/wp-content\/uploads\/2025\/02\/Medi-moderne-chauffant-8-300x214.jpg 300w, https:\/\/medirelax.be\/wp-content\/uploads\/2025\/02\/Medi-moderne-chauffant-8-600x429.jpg 600w\" sizes=\"(max-width: 700px) 100vw, 700px\" \/>\t\t\t\t\t\t\t\t\t\t\t\t\t\t\t<\/div>\n\t\t\t\t<\/div>\n\t\t\t\t<\/div>\n\t\t\t\t\t<\/div>\n\t\t\t\t<\/div>\n\t\t\t\t<\/div>\n\t\t","protected":false},"excerpt":{"rendered":"<p class=\"p1\"><span class=\"s1\"><b>POINTS FORTS<\/b><\/span><\/p>\n<p class=\"p2\"><span class=\"s1\">\u2022 Toutes les caract\u00e9ristiques du Confort Moderne<br \/>\n2 moteurs\u00a0<\/span><\/p>\n<p class=\"p2\"><span class=\"s1\">\u2022 Velours \u00absoft touch\u00bb Qualitex, haute r\u00e9sistance aux frottements\u00a0<\/span><\/p>\n<p class=\"p1\"><span class=\"s1\"><b>Vous appr\u00e9cierez<\/b><\/span><\/p>\n<p class=\"p2\"><span class=\"s1\">3 zones de chauffage pour une sensation de chaleur bienfaisante : dossier, assise pieds.- 2 intensit\u00e9s de chauffage &#8211; minuteur 30 ou 60 minutes.<\/span><\/p>\n","protected":false},"featured_media":3081,"template":"","meta":[],"product_brand":[],"product_cat":[28,101],"product_tag":[],"class_list":{"0":"post-3073","1":"product","2":"type-product","3":"status-publish","4":"has-post-thumbnail","6":"product_cat-fauteuil-releveur","7":"product_cat-fauteuils-medi","9":"first","10":"instock","11":"shipping-taxable","12":"purchasable","13":"product-type-simple"},"yoast_head":"<!-- This site is optimized with the Yoast SEO plugin v27.5 - https:\/\/yoast.com\/product\/yoast-seo-wordpress\/ -->\n<title>MEDI MODERNE CHAUFFANT BI MOTEURS - Medirelax<\/title>\n<meta name=\"description\" content=\"3 zones de chauffage pour une sensation de chaleur bienfaisante : dossier, assise pieds.- 2 intensit\u00e9s de chauffage - minuteur 30 ou 60 minutes.\" \/>\n<meta name=\"robots\" content=\"index, follow, max-snippet:-1, max-image-preview:large, max-video-preview:-1\" \/>\n<link rel=\"canonical\" href=\"https:\/\/medirelax.be\/?product=medi-moderne-chauffant-bi-moteurs\" \/>\n<meta property=\"og:locale\" content=\"fr_FR\" \/>\n<meta property=\"og:type\" content=\"article\" \/>\n<meta property=\"og:title\" content=\"MEDI MODERNE CHAUFFANT BI MOTEURS - Medirelax\" \/>\n<meta property=\"og:description\" content=\"3 zones de chauffage pour une sensation de chaleur bienfaisante : dossier, assise pieds.- 2 intensit\u00e9s de chauffage - minuteur 30 ou 60 minutes.\" \/>\n<meta property=\"og:url\" content=\"https:\/\/medirelax.be\/?product=medi-moderne-chauffant-bi-moteurs\" \/>\n<meta property=\"og:site_name\" content=\"Medirelax\" \/>\n<meta property=\"article:modified_time\" content=\"2025-02-27T16:35:45+00:00\" \/>\n<meta property=\"og:image\" content=\"https:\/\/medirelax.be\/wp-content\/uploads\/2025\/02\/Medi-moderne-chauffant-1.jpg\" \/>\n\t<meta property=\"og:image:width\" content=\"500\" \/>\n\t<meta property=\"og:image:height\" content=\"700\" \/>\n\t<meta property=\"og:image:type\" content=\"image\/jpeg\" \/>\n<meta name=\"twitter:card\" content=\"summary_large_image\" \/>\n<script type=\"application\/ld+json\" class=\"yoast-schema-graph\">{\"@context\":\"https:\\\/\\\/schema.org\",\"@graph\":[{\"@type\":\"WebPage\",\"@id\":\"https:\\\/\\\/medirelax.be\\\/?product=medi-moderne-chauffant-bi-moteurs\",\"url\":\"https:\\\/\\\/medirelax.be\\\/?product=medi-moderne-chauffant-bi-moteurs\",\"name\":\"MEDI MODERNE CHAUFFANT BI MOTEURS - Medirelax\",\"isPartOf\":{\"@id\":\"https:\\\/\\\/medirelax.be\\\/#website\"},\"primaryImageOfPage\":{\"@id\":\"https:\\\/\\\/medirelax.be\\\/?product=medi-moderne-chauffant-bi-moteurs#primaryimage\"},\"image\":{\"@id\":\"https:\\\/\\\/medirelax.be\\\/?product=medi-moderne-chauffant-bi-moteurs#primaryimage\"},\"thumbnailUrl\":\"https:\\\/\\\/medirelax.be\\\/wp-content\\\/uploads\\\/2025\\\/02\\\/Medi-moderne-chauffant-1.jpg\",\"datePublished\":\"2025-02-27T16:32:34+00:00\",\"dateModified\":\"2025-02-27T16:35:45+00:00\",\"description\":\"3 zones de chauffage pour une sensation de chaleur bienfaisante : dossier, assise pieds.- 2 intensit\u00e9s de chauffage - minuteur 30 ou 60 minutes.\",\"breadcrumb\":{\"@id\":\"https:\\\/\\\/medirelax.be\\\/?product=medi-moderne-chauffant-bi-moteurs#breadcrumb\"},\"inLanguage\":\"fr-FR\",\"potentialAction\":[{\"@type\":\"ReadAction\",\"target\":[\"https:\\\/\\\/medirelax.be\\\/?product=medi-moderne-chauffant-bi-moteurs\"]}]},{\"@type\":\"ImageObject\",\"inLanguage\":\"fr-FR\",\"@id\":\"https:\\\/\\\/medirelax.be\\\/?product=medi-moderne-chauffant-bi-moteurs#primaryimage\",\"url\":\"https:\\\/\\\/medirelax.be\\\/wp-content\\\/uploads\\\/2025\\\/02\\\/Medi-moderne-chauffant-1.jpg\",\"contentUrl\":\"https:\\\/\\\/medirelax.be\\\/wp-content\\\/uploads\\\/2025\\\/02\\\/Medi-moderne-chauffant-1.jpg\",\"width\":500,\"height\":700,\"caption\":\"Medi moderne chauffant 1\"},{\"@type\":\"BreadcrumbList\",\"@id\":\"https:\\\/\\\/medirelax.be\\\/?product=medi-moderne-chauffant-bi-moteurs#breadcrumb\",\"itemListElement\":[{\"@type\":\"ListItem\",\"position\":1,\"name\":\"Home\",\"item\":\"https:\\\/\\\/medirelax.be\\\/\"},{\"@type\":\"ListItem\",\"position\":2,\"name\":\"Shop\",\"item\":\"https:\\\/\\\/medirelax.be\\\/?page_id=10\"},{\"@type\":\"ListItem\",\"position\":3,\"name\":\"MEDI MODERNE CHAUFFANT BI MOTEURS\"}]},{\"@type\":\"WebSite\",\"@id\":\"https:\\\/\\\/medirelax.be\\\/#website\",\"url\":\"https:\\\/\\\/medirelax.be\\\/\",\"name\":\"Medirelax\",\"description\":\"Medirelax, un monde de d\u00e9tente et de bien-\u00eatre\",\"potentialAction\":[{\"@type\":\"SearchAction\",\"target\":{\"@type\":\"EntryPoint\",\"urlTemplate\":\"https:\\\/\\\/medirelax.be\\\/?s={search_term_string}\"},\"query-input\":{\"@type\":\"PropertyValueSpecification\",\"valueRequired\":true,\"valueName\":\"search_term_string\"}}],\"inLanguage\":\"fr-FR\"}]}<\/script>\n<!-- \/ Yoast SEO plugin. -->","yoast_head_json":{"title":"MEDI MODERNE CHAUFFANT BI MOTEURS - Medirelax","description":"3 zones de chauffage pour une sensation de chaleur bienfaisante : dossier, assise pieds.- 2 intensit\u00e9s de chauffage - minuteur 30 ou 60 minutes.","robots":{"index":"index","follow":"follow","max-snippet":"max-snippet:-1","max-image-preview":"max-image-preview:large","max-video-preview":"max-video-preview:-1"},"canonical":"https:\/\/medirelax.be\/?product=medi-moderne-chauffant-bi-moteurs","og_locale":"fr_FR","og_type":"article","og_title":"MEDI MODERNE CHAUFFANT BI MOTEURS - Medirelax","og_description":"3 zones de chauffage pour une sensation de chaleur bienfaisante : dossier, assise pieds.- 2 intensit\u00e9s de chauffage - minuteur 30 ou 60 minutes.","og_url":"https:\/\/medirelax.be\/?product=medi-moderne-chauffant-bi-moteurs","og_site_name":"Medirelax","article_modified_time":"2025-02-27T16:35:45+00:00","og_image":[{"width":500,"height":700,"url":"https:\/\/medirelax.be\/wp-content\/uploads\/2025\/02\/Medi-moderne-chauffant-1.jpg","type":"image\/jpeg"}],"twitter_card":"summary_large_image","schema":{"@context":"https:\/\/schema.org","@graph":[{"@type":"WebPage","@id":"https:\/\/medirelax.be\/?product=medi-moderne-chauffant-bi-moteurs","url":"https:\/\/medirelax.be\/?product=medi-moderne-chauffant-bi-moteurs","name":"MEDI MODERNE CHAUFFANT BI MOTEURS - Medirelax","isPartOf":{"@id":"https:\/\/medirelax.be\/#website"},"primaryImageOfPage":{"@id":"https:\/\/medirelax.be\/?product=medi-moderne-chauffant-bi-moteurs#primaryimage"},"image":{"@id":"https:\/\/medirelax.be\/?product=medi-moderne-chauffant-bi-moteurs#primaryimage"},"thumbnailUrl":"https:\/\/medirelax.be\/wp-content\/uploads\/2025\/02\/Medi-moderne-chauffant-1.jpg","datePublished":"2025-02-27T16:32:34+00:00","dateModified":"2025-02-27T16:35:45+00:00","description":"3 zones de chauffage pour une sensation de chaleur bienfaisante : dossier, assise pieds.- 2 intensit\u00e9s de chauffage - minuteur 30 ou 60 minutes.","breadcrumb":{"@id":"https:\/\/medirelax.be\/?product=medi-moderne-chauffant-bi-moteurs#breadcrumb"},"inLanguage":"fr-FR","potentialAction":[{"@type":"ReadAction","target":["https:\/\/medirelax.be\/?product=medi-moderne-chauffant-bi-moteurs"]}]},{"@type":"ImageObject","inLanguage":"fr-FR","@id":"https:\/\/medirelax.be\/?product=medi-moderne-chauffant-bi-moteurs#primaryimage","url":"https:\/\/medirelax.be\/wp-content\/uploads\/2025\/02\/Medi-moderne-chauffant-1.jpg","contentUrl":"https:\/\/medirelax.be\/wp-content\/uploads\/2025\/02\/Medi-moderne-chauffant-1.jpg","width":500,"height":700,"caption":"Medi moderne chauffant 1"},{"@type":"BreadcrumbList","@id":"https:\/\/medirelax.be\/?product=medi-moderne-chauffant-bi-moteurs#breadcrumb","itemListElement":[{"@type":"ListItem","position":1,"name":"Home","item":"https:\/\/medirelax.be\/"},{"@type":"ListItem","position":2,"name":"Shop","item":"https:\/\/medirelax.be\/?page_id=10"},{"@type":"ListItem","position":3,"name":"MEDI MODERNE CHAUFFANT BI MOTEURS"}]},{"@type":"WebSite","@id":"https:\/\/medirelax.be\/#website","url":"https:\/\/medirelax.be\/","name":"Medirelax","description":"Medirelax, un monde de d\u00e9tente et de bien-\u00eatre","potentialAction":[{"@type":"SearchAction","target":{"@type":"EntryPoint","urlTemplate":"https:\/\/medirelax.be\/?s={search_term_string}"},"query-input":{"@type":"PropertyValueSpecification","valueRequired":true,"valueName":"search_term_string"}}],"inLanguage":"fr-FR"}]}},"_links":{"self":[{"href":"https:\/\/medirelax.be\/index.php?rest_route=\/wp\/v2\/product\/3073","targetHints":{"allow":["GET"]}}],"collection":[{"href":"https:\/\/medirelax.be\/index.php?rest_route=\/wp\/v2\/product"}],"about":[{"href":"https:\/\/medirelax.be\/index.php?rest_route=\/wp\/v2\/types\/product"}],"version-history":[{"count":5,"href":"https:\/\/medirelax.be\/index.php?rest_route=\/wp\/v2\/product\/3073\/revisions"}],"predecessor-version":[{"id":3086,"href":"https:\/\/medirelax.be\/index.php?rest_route=\/wp\/v2\/product\/3073\/revisions\/3086"}],"wp:featuredmedia":[{"embeddable":true,"href":"https:\/\/medirelax.be\/index.php?rest_route=\/wp\/v2\/media\/3081"}],"wp:attachment":[{"href":"https:\/\/medirelax.be\/index.php?rest_route=%2Fwp%2Fv2%2Fmedia&parent=3073"}],"wp:term":[{"taxonomy":"product_brand","embeddable":true,"href":"https:\/\/medirelax.be\/index.php?rest_route=%2Fwp%2Fv2%2Fproduct_brand&post=3073"},{"taxonomy":"product_cat","embeddable":true,"href":"https:\/\/medirelax.be\/index.php?rest_route=%2Fwp%2Fv2%2Fproduct_cat&post=3073"},{"taxonomy":"product_tag","embeddable":true,"href":"https:\/\/medirelax.be\/index.php?rest_route=%2Fwp%2Fv2%2Fproduct_tag&post=3073"}],"curies":[{"name":"wp","href":"https:\/\/api.w.org\/{rel}","templated":true}]}}