{"id":1556,"date":"2024-07-21T16:54:13","date_gmt":"2024-07-21T14:54:13","guid":{"rendered":"https:\/\/medirelax.be\/?post_type=product&#038;p=1556"},"modified":"2024-08-08T13:37:58","modified_gmt":"2024-08-08T11:37:58","slug":"acapulco","status":"publish","type":"product","link":"https:\/\/medirelax.be\/?product=acapulco","title":{"rendered":"ACAPULCO"},"content":{"rendered":"\t\t<div data-elementor-type=\"product-post\" data-elementor-id=\"1556\" class=\"elementor elementor-1556\" data-elementor-post-type=\"product\">\n\t\t\t\t<div class=\"elementor-element elementor-element-73cd6ec2 e-flex e-con-boxed e-con e-parent\" data-id=\"73cd6ec2\" data-element_type=\"container\" data-e-type=\"container\">\n\t\t\t\t\t<div class=\"e-con-inner\">\n\t\t\t\t<div class=\"elementor-element elementor-element-2c785f14 elementor-widget elementor-widget-text-editor\" data-id=\"2c785f14\" data-element_type=\"widget\" data-e-type=\"widget\" data-widget_type=\"text-editor.default\">\n\t\t\t\t<div class=\"elementor-widget-container\">\n\t\t\t\t\t\t\t\t\tReleveur 2 + 1 moteurs UNE NOUVELLE EXP\u00c9RIENCE DU CONFORT ET DE LA RELAXATION ! POINTS FORTS \u2022 2 + 1 moteurs, vous conservez la possibilit\u00e9 de r\u00e9gler le dossier ind\u00e9pendamment de l\u2019assise et du repose pieds, tout en b\u00e9n\u00e9ficiant de la nouvelle fonction Zen : vous trouverez forc\u00e9ment VOTRE position favorite !!! \u2022 Accoudoirs facilitant la pr\u00e9hension pour assurer la sortie du fauteuil. \u2022 Equip\u00e9 de 2 roulettes \u00e0 l\u2019arri\u00e8re pour faciliter son d\u00e9placement\t\t\t\t\t\t\t\t<\/div>\n\t\t\t\t<\/div>\n\t\t\t\t\t<\/div>\n\t\t\t\t<\/div>\n\t\t<div class=\"elementor-element elementor-element-9edfd1f e-flex e-con-boxed e-con e-parent\" data-id=\"9edfd1f\" data-element_type=\"container\" data-e-type=\"container\">\n\t\t\t\t\t<div class=\"e-con-inner\">\n\t\t<div class=\"elementor-element elementor-element-2ae5d0b e-con-full e-flex e-con e-child\" data-id=\"2ae5d0b\" data-element_type=\"container\" data-e-type=\"container\">\n\t\t\t\t<div class=\"elementor-element elementor-element-d12b486 elementor-widget elementor-widget-image\" data-id=\"d12b486\" data-element_type=\"widget\" data-e-type=\"widget\" data-widget_type=\"image.default\">\n\t\t\t\t<div class=\"elementor-widget-container\">\n\t\t\t\t\t\t\t\t\t\t\t\t\t\t\t<img fetchpriority=\"high\" decoding=\"async\" width=\"700\" height=\"500\" src=\"https:\/\/medirelax.be\/wp-content\/uploads\/2024\/07\/revetement-1-10.jpg\" class=\"attachment-large size-large wp-image-2006\" alt=\"revetement\" srcset=\"https:\/\/medirelax.be\/wp-content\/uploads\/2024\/07\/revetement-1-10.jpg 700w, https:\/\/medirelax.be\/wp-content\/uploads\/2024\/07\/revetement-1-10-300x214.jpg 300w, https:\/\/medirelax.be\/wp-content\/uploads\/2024\/07\/revetement-1-10-600x429.jpg 600w\" sizes=\"(max-width: 700px) 100vw, 700px\" \/>\t\t\t\t\t\t\t\t\t\t\t\t\t\t\t<\/div>\n\t\t\t\t<\/div>\n\t\t\t\t<\/div>\n\t\t<div class=\"elementor-element elementor-element-5876c8b e-con-full e-flex e-con e-child\" data-id=\"5876c8b\" data-element_type=\"container\" data-e-type=\"container\">\n\t\t\t\t<div class=\"elementor-element elementor-element-04d88a5 elementor-widget elementor-widget-image\" data-id=\"04d88a5\" data-element_type=\"widget\" data-e-type=\"widget\" data-widget_type=\"image.default\">\n\t\t\t\t<div class=\"elementor-widget-container\">\n\t\t\t\t\t\t\t\t\t\t\t\t\t\t\t<img decoding=\"async\" width=\"700\" height=\"500\" src=\"https:\/\/medirelax.be\/wp-content\/uploads\/2024\/07\/dimensions-1-6.jpg\" class=\"attachment-large size-large wp-image-2005\" alt=\"dimensions\" srcset=\"https:\/\/medirelax.be\/wp-content\/uploads\/2024\/07\/dimensions-1-6.jpg 700w, https:\/\/medirelax.be\/wp-content\/uploads\/2024\/07\/dimensions-1-6-300x214.jpg 300w, https:\/\/medirelax.be\/wp-content\/uploads\/2024\/07\/dimensions-1-6-600x429.jpg 600w\" sizes=\"(max-width: 700px) 100vw, 700px\" \/>\t\t\t\t\t\t\t\t\t\t\t\t\t\t\t<\/div>\n\t\t\t\t<\/div>\n\t\t\t\t<\/div>\n\t\t\t\t\t<\/div>\n\t\t\t\t<\/div>\n\t\t<div class=\"elementor-element elementor-element-30698b4 e-flex e-con-boxed e-con e-parent\" data-id=\"30698b4\" data-element_type=\"container\" data-e-type=\"container\">\n\t\t\t\t\t<div class=\"e-con-inner\">\n\t\t<div class=\"elementor-element elementor-element-92b9166 e-con-full e-flex e-con e-child\" data-id=\"92b9166\" data-element_type=\"container\" data-e-type=\"container\">\n\t\t\t\t<div class=\"elementor-element elementor-element-d53df0e elementor-widget elementor-widget-image\" data-id=\"d53df0e\" data-element_type=\"widget\" data-e-type=\"widget\" data-widget_type=\"image.default\">\n\t\t\t\t<div class=\"elementor-widget-container\">\n\t\t\t\t\t\t\t\t\t\t\t\t\t\t\t<img decoding=\"async\" width=\"700\" height=\"500\" src=\"https:\/\/medirelax.be\/wp-content\/uploads\/2024\/07\/fauteuils-2.jpg\" class=\"attachment-large size-large wp-image-2007\" alt=\"fauteuils 2\" srcset=\"https:\/\/medirelax.be\/wp-content\/uploads\/2024\/07\/fauteuils-2.jpg 700w, https:\/\/medirelax.be\/wp-content\/uploads\/2024\/07\/fauteuils-2-300x214.jpg 300w, https:\/\/medirelax.be\/wp-content\/uploads\/2024\/07\/fauteuils-2-600x429.jpg 600w\" sizes=\"(max-width: 700px) 100vw, 700px\" \/>\t\t\t\t\t\t\t\t\t\t\t\t\t\t\t<\/div>\n\t\t\t\t<\/div>\n\t\t\t\t<\/div>\n\t\t<div class=\"elementor-element elementor-element-217ea8c e-con-full e-flex e-con e-child\" data-id=\"217ea8c\" data-element_type=\"container\" data-e-type=\"container\">\n\t\t\t\t<div class=\"elementor-element elementor-element-9a0be4d elementor-widget elementor-widget-image\" data-id=\"9a0be4d\" data-element_type=\"widget\" data-e-type=\"widget\" data-widget_type=\"image.default\">\n\t\t\t\t<div class=\"elementor-widget-container\">\n\t\t\t\t\t\t\t\t\t\t\t\t\t\t\t<img loading=\"lazy\" decoding=\"async\" width=\"700\" height=\"500\" src=\"https:\/\/medirelax.be\/wp-content\/uploads\/2024\/07\/Fauteuils-3.jpg\" class=\"attachment-large size-large wp-image-2008\" alt=\"Fauteuils\" srcset=\"https:\/\/medirelax.be\/wp-content\/uploads\/2024\/07\/Fauteuils-3.jpg 700w, https:\/\/medirelax.be\/wp-content\/uploads\/2024\/07\/Fauteuils-3-300x214.jpg 300w, https:\/\/medirelax.be\/wp-content\/uploads\/2024\/07\/Fauteuils-3-600x429.jpg 600w\" sizes=\"(max-width: 700px) 100vw, 700px\" \/>\t\t\t\t\t\t\t\t\t\t\t\t\t\t\t<\/div>\n\t\t\t\t<\/div>\n\t\t\t\t<\/div>\n\t\t\t\t\t<\/div>\n\t\t\t\t<\/div>\n\t\t\t\t<\/div>\n\t\t","protected":false},"excerpt":{"rendered":"<p>Releveur 2 + 1 moteurs UNE NOUVELLE EXP\u00c9RIENCE DU CONFORT ET DE LA RELAXATION ! POINTS FORTS \u2022 2 + 1 moteurs, vous conservez la possibilit\u00e9 de r\u00e9gler le dossier ind\u00e9pendamment de l\u2019assise et du repose pieds, tout en b\u00e9n\u00e9ficiant de la nouvelle fonction Zen : vous trouverez forc\u00e9ment VOTRE position favorite !!! \u2022 Accoudoirs facilitant la pr\u00e9hension pour assurer la sortie du fauteuil. \u2022 Equip\u00e9 de 2 roulettes \u00e0 l\u2019arri\u00e8re pour faciliter son d\u00e9placement<\/p>\n","protected":false},"featured_media":1566,"template":"","meta":[],"product_brand":[],"product_cat":[28],"product_tag":[],"class_list":{"0":"post-1556","1":"product","2":"type-product","3":"status-publish","4":"has-post-thumbnail","6":"product_cat-fauteuil-releveur","8":"first","9":"instock","10":"shipping-taxable","11":"product-type-simple"},"yoast_head":"<!-- This site is optimized with the Yoast SEO plugin v27.0 - https:\/\/yoast.com\/product\/yoast-seo-wordpress\/ -->\n<title>ACAPULCO - Medirelax<\/title>\n<meta name=\"description\" content=\"Releveur 2 + 1 moteurs UNE NOUVELLE EXP\u00c9RIENCE DU CONFORT ET DE LA RELAXATION !\" \/>\n<meta name=\"robots\" content=\"index, follow, max-snippet:-1, max-image-preview:large, max-video-preview:-1\" \/>\n<link rel=\"canonical\" href=\"https:\/\/medirelax.be\/?product=acapulco\" \/>\n<meta property=\"og:locale\" content=\"fr_FR\" \/>\n<meta property=\"og:type\" content=\"article\" \/>\n<meta property=\"og:title\" content=\"ACAPULCO - Medirelax\" \/>\n<meta property=\"og:description\" content=\"Releveur 2 + 1 moteurs UNE NOUVELLE EXP\u00c9RIENCE DU CONFORT ET DE LA RELAXATION !\" \/>\n<meta property=\"og:url\" content=\"https:\/\/medirelax.be\/?product=acapulco\" \/>\n<meta property=\"og:site_name\" content=\"Medirelax\" \/>\n<meta property=\"article:modified_time\" content=\"2024-08-08T11:37:58+00:00\" \/>\n<meta property=\"og:image\" content=\"https:\/\/medirelax.be\/wp-content\/uploads\/2024\/07\/Acapulco-beige.jpg\" \/>\n\t<meta property=\"og:image:width\" content=\"500\" \/>\n\t<meta property=\"og:image:height\" content=\"600\" \/>\n\t<meta property=\"og:image:type\" content=\"image\/jpeg\" \/>\n<meta name=\"twitter:card\" content=\"summary_large_image\" \/>\n<script type=\"application\/ld+json\" class=\"yoast-schema-graph\">{\"@context\":\"https:\/\/schema.org\",\"@graph\":[{\"@type\":\"WebPage\",\"@id\":\"https:\/\/medirelax.be\/?product=acapulco\",\"url\":\"https:\/\/medirelax.be\/?product=acapulco\",\"name\":\"ACAPULCO - Medirelax\",\"isPartOf\":{\"@id\":\"https:\/\/medirelax.be\/#website\"},\"primaryImageOfPage\":{\"@id\":\"https:\/\/medirelax.be\/?product=acapulco#primaryimage\"},\"image\":{\"@id\":\"https:\/\/medirelax.be\/?product=acapulco#primaryimage\"},\"thumbnailUrl\":\"https:\/\/medirelax.be\/wp-content\/uploads\/2024\/07\/Acapulco-beige.jpg\",\"datePublished\":\"2024-07-21T14:54:13+00:00\",\"dateModified\":\"2024-08-08T11:37:58+00:00\",\"description\":\"Releveur 2 + 1 moteurs UNE NOUVELLE EXP\u00c9RIENCE DU CONFORT ET DE LA RELAXATION !\",\"breadcrumb\":{\"@id\":\"https:\/\/medirelax.be\/?product=acapulco#breadcrumb\"},\"inLanguage\":\"fr-FR\",\"potentialAction\":[{\"@type\":\"ReadAction\",\"target\":[\"https:\/\/medirelax.be\/?product=acapulco\"]}]},{\"@type\":\"ImageObject\",\"inLanguage\":\"fr-FR\",\"@id\":\"https:\/\/medirelax.be\/?product=acapulco#primaryimage\",\"url\":\"https:\/\/medirelax.be\/wp-content\/uploads\/2024\/07\/Acapulco-beige.jpg\",\"contentUrl\":\"https:\/\/medirelax.be\/wp-content\/uploads\/2024\/07\/Acapulco-beige.jpg\",\"width\":500,\"height\":600,\"caption\":\"Acapulco beige\"},{\"@type\":\"BreadcrumbList\",\"@id\":\"https:\/\/medirelax.be\/?product=acapulco#breadcrumb\",\"itemListElement\":[{\"@type\":\"ListItem\",\"position\":1,\"name\":\"Home\",\"item\":\"https:\/\/medirelax.be\/\"},{\"@type\":\"ListItem\",\"position\":2,\"name\":\"Shop\",\"item\":\"https:\/\/medirelax.be\/?page_id=10\"},{\"@type\":\"ListItem\",\"position\":3,\"name\":\"ACAPULCO\"}]},{\"@type\":\"WebSite\",\"@id\":\"https:\/\/medirelax.be\/#website\",\"url\":\"https:\/\/medirelax.be\/\",\"name\":\"Medirelax\",\"description\":\"Medirelax, un monde de d\u00e9tente et de bien-\u00eatre\",\"potentialAction\":[{\"@type\":\"SearchAction\",\"target\":{\"@type\":\"EntryPoint\",\"urlTemplate\":\"https:\/\/medirelax.be\/?s={search_term_string}\"},\"query-input\":{\"@type\":\"PropertyValueSpecification\",\"valueRequired\":true,\"valueName\":\"search_term_string\"}}],\"inLanguage\":\"fr-FR\"}]}<\/script>\n<!-- \/ Yoast SEO plugin. -->","yoast_head_json":{"title":"ACAPULCO - Medirelax","description":"Releveur 2 + 1 moteurs UNE NOUVELLE EXP\u00c9RIENCE DU CONFORT ET DE LA RELAXATION !","robots":{"index":"index","follow":"follow","max-snippet":"max-snippet:-1","max-image-preview":"max-image-preview:large","max-video-preview":"max-video-preview:-1"},"canonical":"https:\/\/medirelax.be\/?product=acapulco","og_locale":"fr_FR","og_type":"article","og_title":"ACAPULCO - Medirelax","og_description":"Releveur 2 + 1 moteurs UNE NOUVELLE EXP\u00c9RIENCE DU CONFORT ET DE LA RELAXATION !","og_url":"https:\/\/medirelax.be\/?product=acapulco","og_site_name":"Medirelax","article_modified_time":"2024-08-08T11:37:58+00:00","og_image":[{"width":500,"height":600,"url":"https:\/\/medirelax.be\/wp-content\/uploads\/2024\/07\/Acapulco-beige.jpg","type":"image\/jpeg"}],"twitter_card":"summary_large_image","schema":{"@context":"https:\/\/schema.org","@graph":[{"@type":"WebPage","@id":"https:\/\/medirelax.be\/?product=acapulco","url":"https:\/\/medirelax.be\/?product=acapulco","name":"ACAPULCO - Medirelax","isPartOf":{"@id":"https:\/\/medirelax.be\/#website"},"primaryImageOfPage":{"@id":"https:\/\/medirelax.be\/?product=acapulco#primaryimage"},"image":{"@id":"https:\/\/medirelax.be\/?product=acapulco#primaryimage"},"thumbnailUrl":"https:\/\/medirelax.be\/wp-content\/uploads\/2024\/07\/Acapulco-beige.jpg","datePublished":"2024-07-21T14:54:13+00:00","dateModified":"2024-08-08T11:37:58+00:00","description":"Releveur 2 + 1 moteurs UNE NOUVELLE EXP\u00c9RIENCE DU CONFORT ET DE LA RELAXATION !","breadcrumb":{"@id":"https:\/\/medirelax.be\/?product=acapulco#breadcrumb"},"inLanguage":"fr-FR","potentialAction":[{"@type":"ReadAction","target":["https:\/\/medirelax.be\/?product=acapulco"]}]},{"@type":"ImageObject","inLanguage":"fr-FR","@id":"https:\/\/medirelax.be\/?product=acapulco#primaryimage","url":"https:\/\/medirelax.be\/wp-content\/uploads\/2024\/07\/Acapulco-beige.jpg","contentUrl":"https:\/\/medirelax.be\/wp-content\/uploads\/2024\/07\/Acapulco-beige.jpg","width":500,"height":600,"caption":"Acapulco beige"},{"@type":"BreadcrumbList","@id":"https:\/\/medirelax.be\/?product=acapulco#breadcrumb","itemListElement":[{"@type":"ListItem","position":1,"name":"Home","item":"https:\/\/medirelax.be\/"},{"@type":"ListItem","position":2,"name":"Shop","item":"https:\/\/medirelax.be\/?page_id=10"},{"@type":"ListItem","position":3,"name":"ACAPULCO"}]},{"@type":"WebSite","@id":"https:\/\/medirelax.be\/#website","url":"https:\/\/medirelax.be\/","name":"Medirelax","description":"Medirelax, un monde de d\u00e9tente et de bien-\u00eatre","potentialAction":[{"@type":"SearchAction","target":{"@type":"EntryPoint","urlTemplate":"https:\/\/medirelax.be\/?s={search_term_string}"},"query-input":{"@type":"PropertyValueSpecification","valueRequired":true,"valueName":"search_term_string"}}],"inLanguage":"fr-FR"}]}},"_links":{"self":[{"href":"https:\/\/medirelax.be\/index.php?rest_route=\/wp\/v2\/product\/1556","targetHints":{"allow":["GET"]}}],"collection":[{"href":"https:\/\/medirelax.be\/index.php?rest_route=\/wp\/v2\/product"}],"about":[{"href":"https:\/\/medirelax.be\/index.php?rest_route=\/wp\/v2\/types\/product"}],"version-history":[{"count":0,"href":"https:\/\/medirelax.be\/index.php?rest_route=\/wp\/v2\/product\/1556\/revisions"}],"wp:featuredmedia":[{"embeddable":true,"href":"https:\/\/medirelax.be\/index.php?rest_route=\/wp\/v2\/media\/1566"}],"wp:attachment":[{"href":"https:\/\/medirelax.be\/index.php?rest_route=%2Fwp%2Fv2%2Fmedia&parent=1556"}],"wp:term":[{"taxonomy":"product_brand","embeddable":true,"href":"https:\/\/medirelax.be\/index.php?rest_route=%2Fwp%2Fv2%2Fproduct_brand&post=1556"},{"taxonomy":"product_cat","embeddable":true,"href":"https:\/\/medirelax.be\/index.php?rest_route=%2Fwp%2Fv2%2Fproduct_cat&post=1556"},{"taxonomy":"product_tag","embeddable":true,"href":"https:\/\/medirelax.be\/index.php?rest_route=%2Fwp%2Fv2%2Fproduct_tag&post=1556"}],"curies":[{"name":"wp","href":"https:\/\/api.w.org\/{rel}","templated":true}]}}