{"id":1372,"date":"2024-07-18T14:03:37","date_gmt":"2024-07-18T12:03:37","guid":{"rendered":"https:\/\/medirelax.be\/?post_type=product&#038;p=1372"},"modified":"2024-10-24T15:00:18","modified_gmt":"2024-10-24T13:00:18","slug":"transformation-releveur-en-rehausseur","status":"publish","type":"product","link":"https:\/\/medirelax.be\/?product=transformation-releveur-en-rehausseur","title":{"rendered":"TRANSFORMATION RELEVEUR EN R\u00c9HAUSSEUR"},"content":{"rendered":"<p>Il est possible de modifier votre fauteuil releveur en r\u00e9hausseur (+30 cm max d\u2019hauteur d\u2019assise) pour transformer la position \u00ab Releveur \u00bb en position \u00ab Lift \u00bb (l\u2019assise demeure horizontale et s\u2019\u00e9l\u00e8ve verticalement sans s\u2019incliner vers l\u2019avant : pratique pour r\u00e9gler la hauteur d\u2019assise, par exemple lors de transferts, pour s\u2019attabler ou positionner un soul\u00e8ve patient&#8230;) Vous disposez \u00e9galement d&rsquo;une position de r\u00e9glage interm\u00e9diaire, qui combinera les fonctions lift et releveur ; l&rsquo;assise s&rsquo;\u00e9l\u00e8ve (une quinzaine de centim\u00e8tres) et se rel\u00e8ve simultan\u00e9ment (avec n\u00e9anmoins un angle de projection vers l&rsquo;avant moins prononc\u00e9 par rapport \u00e0 un r\u00e9glage \u00ab\u00a0100%\u00a0\u00bb releveur)<\/p>\n","protected":false},"excerpt":{"rendered":"<p>Il est possible de modifier votre fauteuil releveur en r\u00e9hausseur (+30 cm max d\u2019hauteur d\u2019assise) pour transformer la position \u00ab Releveur \u00bb en position \u00ab Lift \u00bb (l\u2019assise demeure horizontale et s\u2019\u00e9l\u00e8ve verticalement sans s\u2019incliner vers l\u2019avant : pratique pour r\u00e9gler la hauteur d\u2019assise, par exemple lors de transferts, pour s\u2019attabler ou positionner un soul\u00e8ve patient&#8230;) Vous disposez \u00e9galement d&rsquo;une position de r\u00e9glage interm\u00e9diaire, qui combinera les fonctions lift et releveur ; l&rsquo;assise s&rsquo;\u00e9l\u00e8ve (une quinzaine de centim\u00e8tres) et se rel\u00e8ve simultan\u00e9ment (avec n\u00e9anmoins un angle de projection vers l&rsquo;avant moins prononc\u00e9 par rapport \u00e0 un r\u00e9glage \u00ab\u00a0100%\u00a0\u00bb releveur)<\/p>\n","protected":false},"featured_media":1362,"template":"","meta":[],"product_brand":[],"product_cat":[82],"product_tag":[],"class_list":{"0":"post-1372","1":"product","2":"type-product","3":"status-publish","4":"has-post-thumbnail","6":"product_cat-accessoires","8":"first","9":"instock","10":"shipping-taxable","11":"product-type-external"},"yoast_head":"<!-- This site is optimized with the Yoast SEO plugin v27.0 - https:\/\/yoast.com\/product\/yoast-seo-wordpress\/ -->\n<title>TRANSFORMATION RELEVEUR EN R\u00c9HAUSSEUR - Medirelax<\/title>\n<meta name=\"description\" content=\"Il est possible de modifier votre fauteuil releveur en r\u00e9hausseur (+30 cm max d\u2019hauteur d\u2019assise)\" \/>\n<meta name=\"robots\" content=\"index, follow, max-snippet:-1, max-image-preview:large, max-video-preview:-1\" \/>\n<link rel=\"canonical\" href=\"https:\/\/medirelax.be\/?product=transformation-releveur-en-rehausseur\" \/>\n<meta property=\"og:locale\" content=\"fr_FR\" \/>\n<meta property=\"og:type\" content=\"article\" \/>\n<meta property=\"og:title\" content=\"TRANSFORMATION RELEVEUR EN R\u00c9HAUSSEUR - Medirelax\" \/>\n<meta property=\"og:description\" content=\"Il est possible de modifier votre fauteuil releveur en r\u00e9hausseur (+30 cm max d\u2019hauteur d\u2019assise)\" \/>\n<meta property=\"og:url\" content=\"https:\/\/medirelax.be\/?product=transformation-releveur-en-rehausseur\" \/>\n<meta property=\"og:site_name\" content=\"Medirelax\" \/>\n<meta property=\"article:modified_time\" content=\"2024-10-24T13:00:18+00:00\" \/>\n<meta property=\"og:image\" content=\"https:\/\/medirelax.be\/wp-content\/uploads\/2024\/07\/Tetiere-2.jpg\" \/>\n\t<meta property=\"og:image:width\" content=\"500\" \/>\n\t<meta property=\"og:image:height\" content=\"600\" \/>\n\t<meta property=\"og:image:type\" content=\"image\/jpeg\" \/>\n<meta name=\"twitter:card\" content=\"summary_large_image\" \/>\n<meta name=\"twitter:label1\" content=\"Dur\u00e9e de lecture estim\u00e9e\" \/>\n\t<meta name=\"twitter:data1\" content=\"1 minute\" \/>\n<script type=\"application\/ld+json\" class=\"yoast-schema-graph\">{\"@context\":\"https:\/\/schema.org\",\"@graph\":[{\"@type\":\"WebPage\",\"@id\":\"https:\/\/medirelax.be\/?product=transformation-releveur-en-rehausseur\",\"url\":\"https:\/\/medirelax.be\/?product=transformation-releveur-en-rehausseur\",\"name\":\"TRANSFORMATION RELEVEUR EN R\u00c9HAUSSEUR - Medirelax\",\"isPartOf\":{\"@id\":\"https:\/\/medirelax.be\/#website\"},\"primaryImageOfPage\":{\"@id\":\"https:\/\/medirelax.be\/?product=transformation-releveur-en-rehausseur#primaryimage\"},\"image\":{\"@id\":\"https:\/\/medirelax.be\/?product=transformation-releveur-en-rehausseur#primaryimage\"},\"thumbnailUrl\":\"https:\/\/medirelax.be\/wp-content\/uploads\/2024\/07\/Tetiere-2.jpg\",\"datePublished\":\"2024-07-18T12:03:37+00:00\",\"dateModified\":\"2024-10-24T13:00:18+00:00\",\"description\":\"Il est possible de modifier votre fauteuil releveur en r\u00e9hausseur (+30 cm max d\u2019hauteur d\u2019assise)\",\"breadcrumb\":{\"@id\":\"https:\/\/medirelax.be\/?product=transformation-releveur-en-rehausseur#breadcrumb\"},\"inLanguage\":\"fr-FR\",\"potentialAction\":[{\"@type\":\"ReadAction\",\"target\":[\"https:\/\/medirelax.be\/?product=transformation-releveur-en-rehausseur\"]}]},{\"@type\":\"ImageObject\",\"inLanguage\":\"fr-FR\",\"@id\":\"https:\/\/medirelax.be\/?product=transformation-releveur-en-rehausseur#primaryimage\",\"url\":\"https:\/\/medirelax.be\/wp-content\/uploads\/2024\/07\/Tetiere-2.jpg\",\"contentUrl\":\"https:\/\/medirelax.be\/wp-content\/uploads\/2024\/07\/Tetiere-2.jpg\",\"width\":500,\"height\":600,\"caption\":\"Releveur\"},{\"@type\":\"BreadcrumbList\",\"@id\":\"https:\/\/medirelax.be\/?product=transformation-releveur-en-rehausseur#breadcrumb\",\"itemListElement\":[{\"@type\":\"ListItem\",\"position\":1,\"name\":\"Home\",\"item\":\"https:\/\/medirelax.be\/\"},{\"@type\":\"ListItem\",\"position\":2,\"name\":\"Shop\",\"item\":\"https:\/\/medirelax.be\/?page_id=10\"},{\"@type\":\"ListItem\",\"position\":3,\"name\":\"TRANSFORMATION RELEVEUR EN R\u00c9HAUSSEUR\"}]},{\"@type\":\"WebSite\",\"@id\":\"https:\/\/medirelax.be\/#website\",\"url\":\"https:\/\/medirelax.be\/\",\"name\":\"Medirelax\",\"description\":\"Medirelax, un monde de d\u00e9tente et de bien-\u00eatre\",\"potentialAction\":[{\"@type\":\"SearchAction\",\"target\":{\"@type\":\"EntryPoint\",\"urlTemplate\":\"https:\/\/medirelax.be\/?s={search_term_string}\"},\"query-input\":{\"@type\":\"PropertyValueSpecification\",\"valueRequired\":true,\"valueName\":\"search_term_string\"}}],\"inLanguage\":\"fr-FR\"}]}<\/script>\n<!-- \/ Yoast SEO plugin. -->","yoast_head_json":{"title":"TRANSFORMATION RELEVEUR EN R\u00c9HAUSSEUR - Medirelax","description":"Il est possible de modifier votre fauteuil releveur en r\u00e9hausseur (+30 cm max d\u2019hauteur d\u2019assise)","robots":{"index":"index","follow":"follow","max-snippet":"max-snippet:-1","max-image-preview":"max-image-preview:large","max-video-preview":"max-video-preview:-1"},"canonical":"https:\/\/medirelax.be\/?product=transformation-releveur-en-rehausseur","og_locale":"fr_FR","og_type":"article","og_title":"TRANSFORMATION RELEVEUR EN R\u00c9HAUSSEUR - Medirelax","og_description":"Il est possible de modifier votre fauteuil releveur en r\u00e9hausseur (+30 cm max d\u2019hauteur d\u2019assise)","og_url":"https:\/\/medirelax.be\/?product=transformation-releveur-en-rehausseur","og_site_name":"Medirelax","article_modified_time":"2024-10-24T13:00:18+00:00","og_image":[{"width":500,"height":600,"url":"https:\/\/medirelax.be\/wp-content\/uploads\/2024\/07\/Tetiere-2.jpg","type":"image\/jpeg"}],"twitter_card":"summary_large_image","twitter_misc":{"Dur\u00e9e de lecture estim\u00e9e":"1 minute"},"schema":{"@context":"https:\/\/schema.org","@graph":[{"@type":"WebPage","@id":"https:\/\/medirelax.be\/?product=transformation-releveur-en-rehausseur","url":"https:\/\/medirelax.be\/?product=transformation-releveur-en-rehausseur","name":"TRANSFORMATION RELEVEUR EN R\u00c9HAUSSEUR - Medirelax","isPartOf":{"@id":"https:\/\/medirelax.be\/#website"},"primaryImageOfPage":{"@id":"https:\/\/medirelax.be\/?product=transformation-releveur-en-rehausseur#primaryimage"},"image":{"@id":"https:\/\/medirelax.be\/?product=transformation-releveur-en-rehausseur#primaryimage"},"thumbnailUrl":"https:\/\/medirelax.be\/wp-content\/uploads\/2024\/07\/Tetiere-2.jpg","datePublished":"2024-07-18T12:03:37+00:00","dateModified":"2024-10-24T13:00:18+00:00","description":"Il est possible de modifier votre fauteuil releveur en r\u00e9hausseur (+30 cm max d\u2019hauteur d\u2019assise)","breadcrumb":{"@id":"https:\/\/medirelax.be\/?product=transformation-releveur-en-rehausseur#breadcrumb"},"inLanguage":"fr-FR","potentialAction":[{"@type":"ReadAction","target":["https:\/\/medirelax.be\/?product=transformation-releveur-en-rehausseur"]}]},{"@type":"ImageObject","inLanguage":"fr-FR","@id":"https:\/\/medirelax.be\/?product=transformation-releveur-en-rehausseur#primaryimage","url":"https:\/\/medirelax.be\/wp-content\/uploads\/2024\/07\/Tetiere-2.jpg","contentUrl":"https:\/\/medirelax.be\/wp-content\/uploads\/2024\/07\/Tetiere-2.jpg","width":500,"height":600,"caption":"Releveur"},{"@type":"BreadcrumbList","@id":"https:\/\/medirelax.be\/?product=transformation-releveur-en-rehausseur#breadcrumb","itemListElement":[{"@type":"ListItem","position":1,"name":"Home","item":"https:\/\/medirelax.be\/"},{"@type":"ListItem","position":2,"name":"Shop","item":"https:\/\/medirelax.be\/?page_id=10"},{"@type":"ListItem","position":3,"name":"TRANSFORMATION RELEVEUR EN R\u00c9HAUSSEUR"}]},{"@type":"WebSite","@id":"https:\/\/medirelax.be\/#website","url":"https:\/\/medirelax.be\/","name":"Medirelax","description":"Medirelax, un monde de d\u00e9tente et de bien-\u00eatre","potentialAction":[{"@type":"SearchAction","target":{"@type":"EntryPoint","urlTemplate":"https:\/\/medirelax.be\/?s={search_term_string}"},"query-input":{"@type":"PropertyValueSpecification","valueRequired":true,"valueName":"search_term_string"}}],"inLanguage":"fr-FR"}]}},"_links":{"self":[{"href":"https:\/\/medirelax.be\/index.php?rest_route=\/wp\/v2\/product\/1372","targetHints":{"allow":["GET"]}}],"collection":[{"href":"https:\/\/medirelax.be\/index.php?rest_route=\/wp\/v2\/product"}],"about":[{"href":"https:\/\/medirelax.be\/index.php?rest_route=\/wp\/v2\/types\/product"}],"version-history":[{"count":1,"href":"https:\/\/medirelax.be\/index.php?rest_route=\/wp\/v2\/product\/1372\/revisions"}],"predecessor-version":[{"id":2753,"href":"https:\/\/medirelax.be\/index.php?rest_route=\/wp\/v2\/product\/1372\/revisions\/2753"}],"wp:featuredmedia":[{"embeddable":true,"href":"https:\/\/medirelax.be\/index.php?rest_route=\/wp\/v2\/media\/1362"}],"wp:attachment":[{"href":"https:\/\/medirelax.be\/index.php?rest_route=%2Fwp%2Fv2%2Fmedia&parent=1372"}],"wp:term":[{"taxonomy":"product_brand","embeddable":true,"href":"https:\/\/medirelax.be\/index.php?rest_route=%2Fwp%2Fv2%2Fproduct_brand&post=1372"},{"taxonomy":"product_cat","embeddable":true,"href":"https:\/\/medirelax.be\/index.php?rest_route=%2Fwp%2Fv2%2Fproduct_cat&post=1372"},{"taxonomy":"product_tag","embeddable":true,"href":"https:\/\/medirelax.be\/index.php?rest_route=%2Fwp%2Fv2%2Fproduct_tag&post=1372"}],"curies":[{"name":"wp","href":"https:\/\/api.w.org\/{rel}","templated":true}]}}