{"id":1365,"date":"2024-07-18T13:37:10","date_gmt":"2024-07-18T11:37:10","guid":{"rendered":"https:\/\/medirelax.be\/?post_type=product&#038;p=1365"},"modified":"2024-10-24T15:00:58","modified_gmt":"2024-10-24T13:00:58","slug":"protection-dassise","status":"publish","type":"product","link":"https:\/\/medirelax.be\/?product=protection-dassise","title":{"rendered":"PROTECTION D\u2019ASSISE"},"content":{"rendered":"<p>\u2022 Prot\u00e9gez l\u2019assise de votre fauteuil avec cet accessoire imperm\u00e9able en velours lavables en machine (30\u00b0). \u2022 Son velours matelass\u00e9 surpiqu\u00e9 vous procurera plus de confort et lui conf\u00e8re un \u00ab toucher \u00bb doux et agr\u00e9able. \u2022 Avec son c\u00f4t\u00e9 absorbant et sa partie inf\u00e9rieure \u00e9tanche, vous disposerez ainsi, en toute discr\u00e9tion, d\u2019une barri\u00e8re imperm\u00e9able aux liquides et fuites urinaires l\u00e9g\u00e8res \u00e0 mod\u00e9r\u00e9es. \u2022 Dimensions : 53 x 55 cm \/ Facile d\u2019entretien \/ \u2022 Existe en Marron, bleu, Bourgogne.<\/p>\n","protected":false},"excerpt":{"rendered":"<p>\u2022 Prot\u00e9gez l\u2019assise de votre fauteuil avec cetaccessoire imperm\u00e9able en velours lavablesen machine (30\u00b0)<\/p>\n","protected":false},"featured_media":1367,"template":"","meta":[],"product_brand":[],"product_cat":[82],"product_tag":[],"class_list":{"0":"post-1365","1":"product","2":"type-product","3":"status-publish","4":"has-post-thumbnail","6":"product_cat-accessoires","8":"first","9":"instock","10":"shipping-taxable","11":"product-type-external"},"yoast_head":"<!-- This site is optimized with the Yoast SEO plugin v27.0 - https:\/\/yoast.com\/product\/yoast-seo-wordpress\/ -->\n<title>PROTECTION D\u2019ASSISE - Medirelax<\/title>\n<meta name=\"description\" content=\"\u2022 Prot\u00e9gez l\u2019assise de votre fauteuil avec cetaccessoire imperm\u00e9able en velours lavablesen machine (30\u00b0)\" \/>\n<meta name=\"robots\" content=\"index, follow, max-snippet:-1, max-image-preview:large, max-video-preview:-1\" \/>\n<link rel=\"canonical\" href=\"https:\/\/medirelax.be\/?product=protection-dassise\" \/>\n<meta property=\"og:locale\" content=\"fr_FR\" \/>\n<meta property=\"og:type\" content=\"article\" \/>\n<meta property=\"og:title\" content=\"PROTECTION D\u2019ASSISE - Medirelax\" \/>\n<meta property=\"og:description\" content=\"\u2022 Prot\u00e9gez l\u2019assise de votre fauteuil avec cetaccessoire imperm\u00e9able en velours lavablesen machine (30\u00b0)\" \/>\n<meta property=\"og:url\" content=\"https:\/\/medirelax.be\/?product=protection-dassise\" \/>\n<meta property=\"og:site_name\" content=\"Medirelax\" \/>\n<meta property=\"article:modified_time\" content=\"2024-10-24T13:00:58+00:00\" \/>\n<meta property=\"og:image\" content=\"https:\/\/medirelax.be\/wp-content\/uploads\/2024\/07\/PROTECTION-DASSISE.jpg\" \/>\n\t<meta property=\"og:image:width\" content=\"500\" \/>\n\t<meta property=\"og:image:height\" content=\"600\" \/>\n\t<meta property=\"og:image:type\" content=\"image\/jpeg\" \/>\n<meta name=\"twitter:card\" content=\"summary_large_image\" \/>\n<meta name=\"twitter:label1\" content=\"Dur\u00e9e de lecture estim\u00e9e\" \/>\n\t<meta name=\"twitter:data1\" content=\"1 minute\" \/>\n<script type=\"application\/ld+json\" class=\"yoast-schema-graph\">{\"@context\":\"https:\/\/schema.org\",\"@graph\":[{\"@type\":\"WebPage\",\"@id\":\"https:\/\/medirelax.be\/?product=protection-dassise\",\"url\":\"https:\/\/medirelax.be\/?product=protection-dassise\",\"name\":\"PROTECTION D\u2019ASSISE - Medirelax\",\"isPartOf\":{\"@id\":\"https:\/\/medirelax.be\/#website\"},\"primaryImageOfPage\":{\"@id\":\"https:\/\/medirelax.be\/?product=protection-dassise#primaryimage\"},\"image\":{\"@id\":\"https:\/\/medirelax.be\/?product=protection-dassise#primaryimage\"},\"thumbnailUrl\":\"https:\/\/medirelax.be\/wp-content\/uploads\/2024\/07\/PROTECTION-DASSISE.jpg\",\"datePublished\":\"2024-07-18T11:37:10+00:00\",\"dateModified\":\"2024-10-24T13:00:58+00:00\",\"description\":\"\u2022 Prot\u00e9gez l\u2019assise de votre fauteuil avec cetaccessoire imperm\u00e9able en velours lavablesen machine (30\u00b0)\",\"breadcrumb\":{\"@id\":\"https:\/\/medirelax.be\/?product=protection-dassise#breadcrumb\"},\"inLanguage\":\"fr-FR\",\"potentialAction\":[{\"@type\":\"ReadAction\",\"target\":[\"https:\/\/medirelax.be\/?product=protection-dassise\"]}]},{\"@type\":\"ImageObject\",\"inLanguage\":\"fr-FR\",\"@id\":\"https:\/\/medirelax.be\/?product=protection-dassise#primaryimage\",\"url\":\"https:\/\/medirelax.be\/wp-content\/uploads\/2024\/07\/PROTECTION-DASSISE.jpg\",\"contentUrl\":\"https:\/\/medirelax.be\/wp-content\/uploads\/2024\/07\/PROTECTION-DASSISE.jpg\",\"width\":500,\"height\":600,\"caption\":\"PROTECTION D\u2019ASSISE\"},{\"@type\":\"BreadcrumbList\",\"@id\":\"https:\/\/medirelax.be\/?product=protection-dassise#breadcrumb\",\"itemListElement\":[{\"@type\":\"ListItem\",\"position\":1,\"name\":\"Home\",\"item\":\"https:\/\/medirelax.be\/\"},{\"@type\":\"ListItem\",\"position\":2,\"name\":\"Shop\",\"item\":\"https:\/\/medirelax.be\/?page_id=10\"},{\"@type\":\"ListItem\",\"position\":3,\"name\":\"PROTECTION D\u2019ASSISE\"}]},{\"@type\":\"WebSite\",\"@id\":\"https:\/\/medirelax.be\/#website\",\"url\":\"https:\/\/medirelax.be\/\",\"name\":\"Medirelax\",\"description\":\"Medirelax, un monde de d\u00e9tente et de bien-\u00eatre\",\"potentialAction\":[{\"@type\":\"SearchAction\",\"target\":{\"@type\":\"EntryPoint\",\"urlTemplate\":\"https:\/\/medirelax.be\/?s={search_term_string}\"},\"query-input\":{\"@type\":\"PropertyValueSpecification\",\"valueRequired\":true,\"valueName\":\"search_term_string\"}}],\"inLanguage\":\"fr-FR\"}]}<\/script>\n<!-- \/ Yoast SEO plugin. -->","yoast_head_json":{"title":"PROTECTION D\u2019ASSISE - Medirelax","description":"\u2022 Prot\u00e9gez l\u2019assise de votre fauteuil avec cetaccessoire imperm\u00e9able en velours lavablesen machine (30\u00b0)","robots":{"index":"index","follow":"follow","max-snippet":"max-snippet:-1","max-image-preview":"max-image-preview:large","max-video-preview":"max-video-preview:-1"},"canonical":"https:\/\/medirelax.be\/?product=protection-dassise","og_locale":"fr_FR","og_type":"article","og_title":"PROTECTION D\u2019ASSISE - Medirelax","og_description":"\u2022 Prot\u00e9gez l\u2019assise de votre fauteuil avec cetaccessoire imperm\u00e9able en velours lavablesen machine (30\u00b0)","og_url":"https:\/\/medirelax.be\/?product=protection-dassise","og_site_name":"Medirelax","article_modified_time":"2024-10-24T13:00:58+00:00","og_image":[{"width":500,"height":600,"url":"https:\/\/medirelax.be\/wp-content\/uploads\/2024\/07\/PROTECTION-DASSISE.jpg","type":"image\/jpeg"}],"twitter_card":"summary_large_image","twitter_misc":{"Dur\u00e9e de lecture estim\u00e9e":"1 minute"},"schema":{"@context":"https:\/\/schema.org","@graph":[{"@type":"WebPage","@id":"https:\/\/medirelax.be\/?product=protection-dassise","url":"https:\/\/medirelax.be\/?product=protection-dassise","name":"PROTECTION D\u2019ASSISE - Medirelax","isPartOf":{"@id":"https:\/\/medirelax.be\/#website"},"primaryImageOfPage":{"@id":"https:\/\/medirelax.be\/?product=protection-dassise#primaryimage"},"image":{"@id":"https:\/\/medirelax.be\/?product=protection-dassise#primaryimage"},"thumbnailUrl":"https:\/\/medirelax.be\/wp-content\/uploads\/2024\/07\/PROTECTION-DASSISE.jpg","datePublished":"2024-07-18T11:37:10+00:00","dateModified":"2024-10-24T13:00:58+00:00","description":"\u2022 Prot\u00e9gez l\u2019assise de votre fauteuil avec cetaccessoire imperm\u00e9able en velours lavablesen machine (30\u00b0)","breadcrumb":{"@id":"https:\/\/medirelax.be\/?product=protection-dassise#breadcrumb"},"inLanguage":"fr-FR","potentialAction":[{"@type":"ReadAction","target":["https:\/\/medirelax.be\/?product=protection-dassise"]}]},{"@type":"ImageObject","inLanguage":"fr-FR","@id":"https:\/\/medirelax.be\/?product=protection-dassise#primaryimage","url":"https:\/\/medirelax.be\/wp-content\/uploads\/2024\/07\/PROTECTION-DASSISE.jpg","contentUrl":"https:\/\/medirelax.be\/wp-content\/uploads\/2024\/07\/PROTECTION-DASSISE.jpg","width":500,"height":600,"caption":"PROTECTION D\u2019ASSISE"},{"@type":"BreadcrumbList","@id":"https:\/\/medirelax.be\/?product=protection-dassise#breadcrumb","itemListElement":[{"@type":"ListItem","position":1,"name":"Home","item":"https:\/\/medirelax.be\/"},{"@type":"ListItem","position":2,"name":"Shop","item":"https:\/\/medirelax.be\/?page_id=10"},{"@type":"ListItem","position":3,"name":"PROTECTION D\u2019ASSISE"}]},{"@type":"WebSite","@id":"https:\/\/medirelax.be\/#website","url":"https:\/\/medirelax.be\/","name":"Medirelax","description":"Medirelax, un monde de d\u00e9tente et de bien-\u00eatre","potentialAction":[{"@type":"SearchAction","target":{"@type":"EntryPoint","urlTemplate":"https:\/\/medirelax.be\/?s={search_term_string}"},"query-input":{"@type":"PropertyValueSpecification","valueRequired":true,"valueName":"search_term_string"}}],"inLanguage":"fr-FR"}]}},"_links":{"self":[{"href":"https:\/\/medirelax.be\/index.php?rest_route=\/wp\/v2\/product\/1365","targetHints":{"allow":["GET"]}}],"collection":[{"href":"https:\/\/medirelax.be\/index.php?rest_route=\/wp\/v2\/product"}],"about":[{"href":"https:\/\/medirelax.be\/index.php?rest_route=\/wp\/v2\/types\/product"}],"version-history":[{"count":1,"href":"https:\/\/medirelax.be\/index.php?rest_route=\/wp\/v2\/product\/1365\/revisions"}],"predecessor-version":[{"id":2750,"href":"https:\/\/medirelax.be\/index.php?rest_route=\/wp\/v2\/product\/1365\/revisions\/2750"}],"wp:featuredmedia":[{"embeddable":true,"href":"https:\/\/medirelax.be\/index.php?rest_route=\/wp\/v2\/media\/1367"}],"wp:attachment":[{"href":"https:\/\/medirelax.be\/index.php?rest_route=%2Fwp%2Fv2%2Fmedia&parent=1365"}],"wp:term":[{"taxonomy":"product_brand","embeddable":true,"href":"https:\/\/medirelax.be\/index.php?rest_route=%2Fwp%2Fv2%2Fproduct_brand&post=1365"},{"taxonomy":"product_cat","embeddable":true,"href":"https:\/\/medirelax.be\/index.php?rest_route=%2Fwp%2Fv2%2Fproduct_cat&post=1365"},{"taxonomy":"product_tag","embeddable":true,"href":"https:\/\/medirelax.be\/index.php?rest_route=%2Fwp%2Fv2%2Fproduct_tag&post=1365"}],"curies":[{"name":"wp","href":"https:\/\/api.w.org\/{rel}","templated":true}]}}