{"id":1126,"date":"2024-07-17T11:38:24","date_gmt":"2024-07-17T09:38:24","guid":{"rendered":"https:\/\/medirelax.be\/?post_type=product&#038;p=1126"},"modified":"2025-02-27T17:44:59","modified_gmt":"2025-02-27T16:44:59","slug":"diamond","status":"publish","type":"product","link":"https:\/\/medirelax.be\/?product=diamond","title":{"rendered":"DIAMOND"},"content":{"rendered":"\t\t<div data-elementor-type=\"product-post\" data-elementor-id=\"1126\" class=\"elementor elementor-1126\" data-elementor-post-type=\"product\">\n\t\t\t\t<div class=\"elementor-element elementor-element-430b6d8 e-flex e-con-boxed e-con e-parent\" data-id=\"430b6d8\" data-element_type=\"container\" data-e-type=\"container\">\n\t\t\t\t\t<div class=\"e-con-inner\">\n\t\t\t\t<div class=\"elementor-element elementor-element-60fca5e5 elementor-widget elementor-widget-text-editor\" data-id=\"60fca5e5\" data-element_type=\"widget\" data-e-type=\"widget\" data-widget_type=\"text-editor.default\">\n\t\t\t\t<div class=\"elementor-widget-container\">\n\t\t\t\t\t\t\t\t\tDiamond comprenant un ou deux moteurs\r\n\r\nMOUSSE A MEMOIRE DE FORME DE SERIE\r\n\r\nPOINTS FORTS \u2022 Le choix des couleurs et des rev\u00eatements (Tissu, cuir ou vinyle \u00e0 tr\u00e8s forte r\u00e9sistance aux frottements \u2022 Dossier confort ergonomique avec appui t\u00eate int\u00e9gr\u00e9. \u2022 Disponible \u00e9galement en version Dos au mur 1 moteur &#8211; \u00e9cartement du mur 10 cm pour les int\u00e9rieurs de petites dimensions &#8211; inclinaison maxi du dossier 130\u00b0 &#8211; en gris (R\u00e9f. 207-33) ou marron (R\u00e9f. 207-28)\t\t\t\t\t\t\t\t<\/div>\n\t\t\t\t<\/div>\n\t\t\t\t\t<\/div>\n\t\t\t\t<\/div>\n\t\t<div class=\"elementor-element elementor-element-9adc7e6 e-flex e-con-boxed e-con e-parent\" data-id=\"9adc7e6\" data-element_type=\"container\" data-e-type=\"container\">\n\t\t\t\t\t<div class=\"e-con-inner\">\n\t\t<div class=\"elementor-element elementor-element-01aea76 e-con-full e-flex e-con e-child\" data-id=\"01aea76\" data-element_type=\"container\" data-e-type=\"container\">\n\t\t\t\t<div class=\"elementor-element elementor-element-5fa0790 elementor-widget elementor-widget-image\" data-id=\"5fa0790\" data-element_type=\"widget\" data-e-type=\"widget\" data-widget_type=\"image.default\">\n\t\t\t\t<div class=\"elementor-widget-container\">\n\t\t\t\t\t\t\t\t\t\t\t\t\t\t\t<img fetchpriority=\"high\" decoding=\"async\" width=\"700\" height=\"500\" src=\"https:\/\/medirelax.be\/wp-content\/uploads\/2024\/07\/Revetement-1-Diamond.jpg\" class=\"attachment-large size-large wp-image-1979\" alt=\"Revetement 1 Diamond\" srcset=\"https:\/\/medirelax.be\/wp-content\/uploads\/2024\/07\/Revetement-1-Diamond.jpg 700w, https:\/\/medirelax.be\/wp-content\/uploads\/2024\/07\/Revetement-1-Diamond-300x214.jpg 300w, https:\/\/medirelax.be\/wp-content\/uploads\/2024\/07\/Revetement-1-Diamond-600x429.jpg 600w\" sizes=\"(max-width: 700px) 100vw, 700px\" \/>\t\t\t\t\t\t\t\t\t\t\t\t\t\t\t<\/div>\n\t\t\t\t<\/div>\n\t\t\t\t<\/div>\n\t\t<div class=\"elementor-element elementor-element-8e0d5e2 e-con-full e-flex e-con e-child\" data-id=\"8e0d5e2\" data-element_type=\"container\" data-e-type=\"container\">\n\t\t\t\t<div class=\"elementor-element elementor-element-92f6472 elementor-widget elementor-widget-image\" data-id=\"92f6472\" data-element_type=\"widget\" data-e-type=\"widget\" data-widget_type=\"image.default\">\n\t\t\t\t<div class=\"elementor-widget-container\">\n\t\t\t\t\t\t\t\t\t\t\t\t\t\t\t<img decoding=\"async\" width=\"700\" height=\"500\" src=\"https:\/\/medirelax.be\/wp-content\/uploads\/2024\/07\/Revetement-2-Diamond-.jpg\" class=\"attachment-large size-large wp-image-1978\" alt=\"Revetement 2 Diamond\" srcset=\"https:\/\/medirelax.be\/wp-content\/uploads\/2024\/07\/Revetement-2-Diamond-.jpg 700w, https:\/\/medirelax.be\/wp-content\/uploads\/2024\/07\/Revetement-2-Diamond--300x214.jpg 300w, https:\/\/medirelax.be\/wp-content\/uploads\/2024\/07\/Revetement-2-Diamond--600x429.jpg 600w\" sizes=\"(max-width: 700px) 100vw, 700px\" \/>\t\t\t\t\t\t\t\t\t\t\t\t\t\t\t<\/div>\n\t\t\t\t<\/div>\n\t\t\t\t<\/div>\n\t\t\t\t\t<\/div>\n\t\t\t\t<\/div>\n\t\t<div class=\"elementor-element elementor-element-33ed779 e-flex e-con-boxed e-con e-parent\" data-id=\"33ed779\" data-element_type=\"container\" data-e-type=\"container\">\n\t\t\t\t\t<div class=\"e-con-inner\">\n\t\t<div class=\"elementor-element elementor-element-6062a41 e-con-full e-flex e-con e-child\" data-id=\"6062a41\" data-element_type=\"container\" data-e-type=\"container\">\n\t\t\t\t<div class=\"elementor-element elementor-element-bdfa1bd elementor-widget elementor-widget-image\" data-id=\"bdfa1bd\" data-element_type=\"widget\" data-e-type=\"widget\" data-widget_type=\"image.default\">\n\t\t\t\t<div class=\"elementor-widget-container\">\n\t\t\t\t\t\t\t\t\t\t\t\t\t\t\t<img decoding=\"async\" width=\"700\" height=\"500\" src=\"https:\/\/medirelax.be\/wp-content\/uploads\/2024\/07\/Revetement-3-Diamond.jpg\" class=\"attachment-large size-large wp-image-1977\" alt=\"Revetement 3 Diamond\" srcset=\"https:\/\/medirelax.be\/wp-content\/uploads\/2024\/07\/Revetement-3-Diamond.jpg 700w, https:\/\/medirelax.be\/wp-content\/uploads\/2024\/07\/Revetement-3-Diamond-300x214.jpg 300w, https:\/\/medirelax.be\/wp-content\/uploads\/2024\/07\/Revetement-3-Diamond-600x429.jpg 600w\" sizes=\"(max-width: 700px) 100vw, 700px\" \/>\t\t\t\t\t\t\t\t\t\t\t\t\t\t\t<\/div>\n\t\t\t\t<\/div>\n\t\t\t\t<\/div>\n\t\t<div class=\"elementor-element elementor-element-c406f23 e-con-full e-flex e-con e-child\" data-id=\"c406f23\" data-element_type=\"container\" data-e-type=\"container\">\n\t\t\t\t<div class=\"elementor-element elementor-element-9408c1d elementor-widget elementor-widget-image\" data-id=\"9408c1d\" data-element_type=\"widget\" data-e-type=\"widget\" data-widget_type=\"image.default\">\n\t\t\t\t<div class=\"elementor-widget-container\">\n\t\t\t\t\t\t\t\t\t\t\t\t\t\t\t<img loading=\"lazy\" decoding=\"async\" width=\"700\" height=\"500\" src=\"https:\/\/medirelax.be\/wp-content\/uploads\/2024\/07\/Dimensions-Diamond.jpg\" class=\"attachment-large size-large wp-image-1976\" alt=\"Dimensions Diamond\" srcset=\"https:\/\/medirelax.be\/wp-content\/uploads\/2024\/07\/Dimensions-Diamond.jpg 700w, https:\/\/medirelax.be\/wp-content\/uploads\/2024\/07\/Dimensions-Diamond-300x214.jpg 300w, https:\/\/medirelax.be\/wp-content\/uploads\/2024\/07\/Dimensions-Diamond-600x429.jpg 600w\" sizes=\"(max-width: 700px) 100vw, 700px\" \/>\t\t\t\t\t\t\t\t\t\t\t\t\t\t\t<\/div>\n\t\t\t\t<\/div>\n\t\t\t\t<\/div>\n\t\t\t\t\t<\/div>\n\t\t\t\t<\/div>\n\t\t<div class=\"elementor-element elementor-element-60a93a5 e-flex e-con-boxed e-con e-parent\" data-id=\"60a93a5\" data-element_type=\"container\" data-e-type=\"container\">\n\t\t\t\t\t<div class=\"e-con-inner\">\n\t\t<div class=\"elementor-element elementor-element-c2d62cf e-con-full e-flex e-con e-child\" data-id=\"c2d62cf\" data-element_type=\"container\" data-e-type=\"container\">\n\t\t\t\t<div class=\"elementor-element elementor-element-3ab8bb3 elementor-widget elementor-widget-image\" data-id=\"3ab8bb3\" data-element_type=\"widget\" data-e-type=\"widget\" data-widget_type=\"image.default\">\n\t\t\t\t<div class=\"elementor-widget-container\">\n\t\t\t\t\t\t\t\t\t\t\t\t\t\t\t<img loading=\"lazy\" decoding=\"async\" width=\"700\" height=\"500\" src=\"https:\/\/medirelax.be\/wp-content\/uploads\/2024\/07\/Fauteuils-Diamond.jpg\" class=\"attachment-large size-large wp-image-1974\" alt=\"Fauteuils Diamond\" srcset=\"https:\/\/medirelax.be\/wp-content\/uploads\/2024\/07\/Fauteuils-Diamond.jpg 700w, https:\/\/medirelax.be\/wp-content\/uploads\/2024\/07\/Fauteuils-Diamond-300x214.jpg 300w, https:\/\/medirelax.be\/wp-content\/uploads\/2024\/07\/Fauteuils-Diamond-600x429.jpg 600w\" sizes=\"(max-width: 700px) 100vw, 700px\" \/>\t\t\t\t\t\t\t\t\t\t\t\t\t\t\t<\/div>\n\t\t\t\t<\/div>\n\t\t\t\t<\/div>\n\t\t<div class=\"elementor-element elementor-element-6fa51d2 e-con-full e-flex e-con e-child\" data-id=\"6fa51d2\" data-element_type=\"container\" data-e-type=\"container\">\n\t\t\t\t<div class=\"elementor-element elementor-element-816b47a elementor-widget elementor-widget-image\" data-id=\"816b47a\" data-element_type=\"widget\" data-e-type=\"widget\" data-widget_type=\"image.default\">\n\t\t\t\t<div class=\"elementor-widget-container\">\n\t\t\t\t\t\t\t\t\t\t\t\t\t\t\t<img loading=\"lazy\" decoding=\"async\" width=\"700\" height=\"500\" src=\"https:\/\/medirelax.be\/wp-content\/uploads\/2024\/07\/Fauteuils-Diamond-2.jpg\" class=\"attachment-large size-large wp-image-1973\" alt=\"Fauteuils Diamond 2\" srcset=\"https:\/\/medirelax.be\/wp-content\/uploads\/2024\/07\/Fauteuils-Diamond-2.jpg 700w, https:\/\/medirelax.be\/wp-content\/uploads\/2024\/07\/Fauteuils-Diamond-2-300x214.jpg 300w, https:\/\/medirelax.be\/wp-content\/uploads\/2024\/07\/Fauteuils-Diamond-2-600x429.jpg 600w\" sizes=\"(max-width: 700px) 100vw, 700px\" \/>\t\t\t\t\t\t\t\t\t\t\t\t\t\t\t<\/div>\n\t\t\t\t<\/div>\n\t\t\t\t<\/div>\n\t\t\t\t\t<\/div>\n\t\t\t\t<\/div>\n\t\t\t\t<\/div>\n\t\t","protected":false},"excerpt":{"rendered":"<p>Diamond comprenant un ou deux moteurs<\/p>\n<p>Un dossier plus HAUT (+5cm) et + 5cm de hauteur d\u2019assise pour les plus grandes et les plus grands<\/p>\n<p>Des composants pr\u00e9vu pour supporter jusqu\u2019\u00e0 150kg<\/p>\n<p>POINTS FORTS \u2022 Rev\u00eatement Nouvelle g\u00e9n\u00e9ration EasyClean, d\u00e9perlant (\u00ab traitement T\u00e9flon \u00bb) pour \u00e9viter la p\u00e9n\u00e9tration imm\u00e9diate des liquides (facile \u00e0 nettoyer \u00e0 l\u2019aide d\u2019un chiffon\/ \u00e9ponge absorbant), Il est \u00ab respirant \u00bb, r\u00e9pond \u00e0 la norme anti-feu EN1021-1 (test de la cigarette) \u2022 Super r\u00e9sistant (norme usage intensif) \u2022 Suspension d\u2019assise Ressorts typ NOSAG + ressorts ensach\u00e9s h\u00e9lico\u00efdaux et mousse de polyur\u00e9thane de densit\u00e9 50kg\/m3<\/p>\n","protected":false},"featured_media":1130,"template":"","meta":[],"product_brand":[],"product_cat":[28,102],"product_tag":[],"class_list":{"0":"post-1126","1":"product","2":"type-product","3":"status-publish","4":"has-post-thumbnail","6":"product_cat-fauteuil-releveur","7":"product_cat-les-classiques","9":"first","10":"instock","11":"shipping-taxable","12":"purchasable","13":"product-type-variable","14":"has-default-attributes"},"yoast_head":"<!-- This site is optimized with the Yoast SEO plugin v27.0 - https:\/\/yoast.com\/product\/yoast-seo-wordpress\/ -->\n<title>DIAMOND - Medirelax<\/title>\n<meta name=\"description\" content=\"Rev\u00eatement Nouvelle g\u00e9n\u00e9ration EasyClean, d\u00e9perlant (\u00ab traitement T\u00e9flon \u00bb) pour \u00e9viter la p\u00e9n\u00e9tration imm\u00e9diate des liquides\" \/>\n<meta name=\"robots\" content=\"index, follow, max-snippet:-1, max-image-preview:large, max-video-preview:-1\" \/>\n<link rel=\"canonical\" href=\"https:\/\/medirelax.be\/?product=diamond\" \/>\n<meta property=\"og:locale\" content=\"fr_FR\" \/>\n<meta property=\"og:type\" content=\"article\" \/>\n<meta property=\"og:title\" content=\"DIAMOND - Medirelax\" \/>\n<meta property=\"og:description\" content=\"Rev\u00eatement Nouvelle g\u00e9n\u00e9ration EasyClean, d\u00e9perlant (\u00ab traitement T\u00e9flon \u00bb) pour \u00e9viter la p\u00e9n\u00e9tration imm\u00e9diate des liquides\" \/>\n<meta property=\"og:url\" content=\"https:\/\/medirelax.be\/?product=diamond\" \/>\n<meta property=\"og:site_name\" content=\"Medirelax\" \/>\n<meta property=\"article:modified_time\" content=\"2025-02-27T16:44:59+00:00\" \/>\n<meta property=\"og:image\" content=\"https:\/\/medirelax.be\/wp-content\/uploads\/2024\/07\/Diamond-bleu.jpg\" \/>\n\t<meta property=\"og:image:width\" content=\"600\" \/>\n\t<meta property=\"og:image:height\" content=\"720\" \/>\n\t<meta property=\"og:image:type\" content=\"image\/jpeg\" \/>\n<meta name=\"twitter:card\" content=\"summary_large_image\" \/>\n<meta name=\"twitter:label1\" content=\"Dur\u00e9e de lecture estim\u00e9e\" \/>\n\t<meta name=\"twitter:data1\" content=\"2 minutes\" \/>\n<script type=\"application\/ld+json\" class=\"yoast-schema-graph\">{\"@context\":\"https:\/\/schema.org\",\"@graph\":[{\"@type\":\"WebPage\",\"@id\":\"https:\/\/medirelax.be\/?product=diamond\",\"url\":\"https:\/\/medirelax.be\/?product=diamond\",\"name\":\"DIAMOND - Medirelax\",\"isPartOf\":{\"@id\":\"https:\/\/medirelax.be\/#website\"},\"primaryImageOfPage\":{\"@id\":\"https:\/\/medirelax.be\/?product=diamond#primaryimage\"},\"image\":{\"@id\":\"https:\/\/medirelax.be\/?product=diamond#primaryimage\"},\"thumbnailUrl\":\"https:\/\/medirelax.be\/wp-content\/uploads\/2024\/07\/Diamond-bleu.jpg\",\"datePublished\":\"2024-07-17T09:38:24+00:00\",\"dateModified\":\"2025-02-27T16:44:59+00:00\",\"description\":\"Rev\u00eatement Nouvelle g\u00e9n\u00e9ration EasyClean, d\u00e9perlant (\u00ab traitement T\u00e9flon \u00bb) pour \u00e9viter la p\u00e9n\u00e9tration imm\u00e9diate des liquides\",\"breadcrumb\":{\"@id\":\"https:\/\/medirelax.be\/?product=diamond#breadcrumb\"},\"inLanguage\":\"fr-FR\",\"potentialAction\":[{\"@type\":\"ReadAction\",\"target\":[\"https:\/\/medirelax.be\/?product=diamond\"]}]},{\"@type\":\"ImageObject\",\"inLanguage\":\"fr-FR\",\"@id\":\"https:\/\/medirelax.be\/?product=diamond#primaryimage\",\"url\":\"https:\/\/medirelax.be\/wp-content\/uploads\/2024\/07\/Diamond-bleu.jpg\",\"contentUrl\":\"https:\/\/medirelax.be\/wp-content\/uploads\/2024\/07\/Diamond-bleu.jpg\",\"width\":600,\"height\":720,\"caption\":\"Diamond bleu\"},{\"@type\":\"BreadcrumbList\",\"@id\":\"https:\/\/medirelax.be\/?product=diamond#breadcrumb\",\"itemListElement\":[{\"@type\":\"ListItem\",\"position\":1,\"name\":\"Home\",\"item\":\"https:\/\/medirelax.be\/\"},{\"@type\":\"ListItem\",\"position\":2,\"name\":\"Shop\",\"item\":\"https:\/\/medirelax.be\/?page_id=10\"},{\"@type\":\"ListItem\",\"position\":3,\"name\":\"DIAMOND\"}]},{\"@type\":\"WebSite\",\"@id\":\"https:\/\/medirelax.be\/#website\",\"url\":\"https:\/\/medirelax.be\/\",\"name\":\"Medirelax\",\"description\":\"Medirelax, un monde de d\u00e9tente et de bien-\u00eatre\",\"potentialAction\":[{\"@type\":\"SearchAction\",\"target\":{\"@type\":\"EntryPoint\",\"urlTemplate\":\"https:\/\/medirelax.be\/?s={search_term_string}\"},\"query-input\":{\"@type\":\"PropertyValueSpecification\",\"valueRequired\":true,\"valueName\":\"search_term_string\"}}],\"inLanguage\":\"fr-FR\"}]}<\/script>\n<!-- \/ Yoast SEO plugin. -->","yoast_head_json":{"title":"DIAMOND - Medirelax","description":"Rev\u00eatement Nouvelle g\u00e9n\u00e9ration EasyClean, d\u00e9perlant (\u00ab traitement T\u00e9flon \u00bb) pour \u00e9viter la p\u00e9n\u00e9tration imm\u00e9diate des liquides","robots":{"index":"index","follow":"follow","max-snippet":"max-snippet:-1","max-image-preview":"max-image-preview:large","max-video-preview":"max-video-preview:-1"},"canonical":"https:\/\/medirelax.be\/?product=diamond","og_locale":"fr_FR","og_type":"article","og_title":"DIAMOND - Medirelax","og_description":"Rev\u00eatement Nouvelle g\u00e9n\u00e9ration EasyClean, d\u00e9perlant (\u00ab traitement T\u00e9flon \u00bb) pour \u00e9viter la p\u00e9n\u00e9tration imm\u00e9diate des liquides","og_url":"https:\/\/medirelax.be\/?product=diamond","og_site_name":"Medirelax","article_modified_time":"2025-02-27T16:44:59+00:00","og_image":[{"width":600,"height":720,"url":"https:\/\/medirelax.be\/wp-content\/uploads\/2024\/07\/Diamond-bleu.jpg","type":"image\/jpeg"}],"twitter_card":"summary_large_image","twitter_misc":{"Dur\u00e9e de lecture estim\u00e9e":"2 minutes"},"schema":{"@context":"https:\/\/schema.org","@graph":[{"@type":"WebPage","@id":"https:\/\/medirelax.be\/?product=diamond","url":"https:\/\/medirelax.be\/?product=diamond","name":"DIAMOND - Medirelax","isPartOf":{"@id":"https:\/\/medirelax.be\/#website"},"primaryImageOfPage":{"@id":"https:\/\/medirelax.be\/?product=diamond#primaryimage"},"image":{"@id":"https:\/\/medirelax.be\/?product=diamond#primaryimage"},"thumbnailUrl":"https:\/\/medirelax.be\/wp-content\/uploads\/2024\/07\/Diamond-bleu.jpg","datePublished":"2024-07-17T09:38:24+00:00","dateModified":"2025-02-27T16:44:59+00:00","description":"Rev\u00eatement Nouvelle g\u00e9n\u00e9ration EasyClean, d\u00e9perlant (\u00ab traitement T\u00e9flon \u00bb) pour \u00e9viter la p\u00e9n\u00e9tration imm\u00e9diate des liquides","breadcrumb":{"@id":"https:\/\/medirelax.be\/?product=diamond#breadcrumb"},"inLanguage":"fr-FR","potentialAction":[{"@type":"ReadAction","target":["https:\/\/medirelax.be\/?product=diamond"]}]},{"@type":"ImageObject","inLanguage":"fr-FR","@id":"https:\/\/medirelax.be\/?product=diamond#primaryimage","url":"https:\/\/medirelax.be\/wp-content\/uploads\/2024\/07\/Diamond-bleu.jpg","contentUrl":"https:\/\/medirelax.be\/wp-content\/uploads\/2024\/07\/Diamond-bleu.jpg","width":600,"height":720,"caption":"Diamond bleu"},{"@type":"BreadcrumbList","@id":"https:\/\/medirelax.be\/?product=diamond#breadcrumb","itemListElement":[{"@type":"ListItem","position":1,"name":"Home","item":"https:\/\/medirelax.be\/"},{"@type":"ListItem","position":2,"name":"Shop","item":"https:\/\/medirelax.be\/?page_id=10"},{"@type":"ListItem","position":3,"name":"DIAMOND"}]},{"@type":"WebSite","@id":"https:\/\/medirelax.be\/#website","url":"https:\/\/medirelax.be\/","name":"Medirelax","description":"Medirelax, un monde de d\u00e9tente et de bien-\u00eatre","potentialAction":[{"@type":"SearchAction","target":{"@type":"EntryPoint","urlTemplate":"https:\/\/medirelax.be\/?s={search_term_string}"},"query-input":{"@type":"PropertyValueSpecification","valueRequired":true,"valueName":"search_term_string"}}],"inLanguage":"fr-FR"}]}},"_links":{"self":[{"href":"https:\/\/medirelax.be\/index.php?rest_route=\/wp\/v2\/product\/1126","targetHints":{"allow":["GET"]}}],"collection":[{"href":"https:\/\/medirelax.be\/index.php?rest_route=\/wp\/v2\/product"}],"about":[{"href":"https:\/\/medirelax.be\/index.php?rest_route=\/wp\/v2\/types\/product"}],"version-history":[{"count":4,"href":"https:\/\/medirelax.be\/index.php?rest_route=\/wp\/v2\/product\/1126\/revisions"}],"predecessor-version":[{"id":3093,"href":"https:\/\/medirelax.be\/index.php?rest_route=\/wp\/v2\/product\/1126\/revisions\/3093"}],"wp:featuredmedia":[{"embeddable":true,"href":"https:\/\/medirelax.be\/index.php?rest_route=\/wp\/v2\/media\/1130"}],"wp:attachment":[{"href":"https:\/\/medirelax.be\/index.php?rest_route=%2Fwp%2Fv2%2Fmedia&parent=1126"}],"wp:term":[{"taxonomy":"product_brand","embeddable":true,"href":"https:\/\/medirelax.be\/index.php?rest_route=%2Fwp%2Fv2%2Fproduct_brand&post=1126"},{"taxonomy":"product_cat","embeddable":true,"href":"https:\/\/medirelax.be\/index.php?rest_route=%2Fwp%2Fv2%2Fproduct_cat&post=1126"},{"taxonomy":"product_tag","embeddable":true,"href":"https:\/\/medirelax.be\/index.php?rest_route=%2Fwp%2Fv2%2Fproduct_tag&post=1126"}],"curies":[{"name":"wp","href":"https:\/\/api.w.org\/{rel}","templated":true}]}}