{"id":1096,"date":"2024-07-17T10:01:25","date_gmt":"2024-07-17T08:01:25","guid":{"rendered":"https:\/\/medirelax.be\/?post_type=product&#038;p=1096"},"modified":"2025-02-27T16:11:54","modified_gmt":"2025-02-27T15:11:54","slug":"forte-taille-extra-large-xxl","status":"publish","type":"product","link":"https:\/\/medirelax.be\/?product=forte-taille-extra-large-xxl","title":{"rendered":"FORTE TAILLE EXTRA LARGE XXL"},"content":{"rendered":"\t\t<div data-elementor-type=\"product-post\" data-elementor-id=\"1096\" class=\"elementor elementor-1096\" data-elementor-post-type=\"product\">\n\t\t\t\t<div class=\"elementor-element elementor-element-42ada79c e-flex e-con-boxed e-con e-parent\" data-id=\"42ada79c\" data-element_type=\"container\" data-e-type=\"container\">\n\t\t\t\t\t<div class=\"e-con-inner\">\n\t\t\t\t<div class=\"elementor-element elementor-element-2e393015 elementor-widget elementor-widget-text-editor\" data-id=\"2e393015\" data-element_type=\"widget\" data-e-type=\"widget\" data-widget_type=\"text-editor.default\">\n\t\t\t\t<div class=\"elementor-widget-container\">\n\t\t\t\t\t\t\t\t\tFORTE TAILLE EXTRA LARGE XXL comprenant deux moteurs\r\n\r\nPOINTS FORTS\r\n\r\n\u2022 Prot\u00e8ge accoudoirs et prot\u00e8ge appui-t\u00eate de s\u00e9rie \u2022 Haut du dossier ergonomique pour un meilleur maintien des cervicales \u2022 Deux boudins lat\u00e9raux sur la partie basse du dossier pour un meilleur maintien lombaire. \u2022 Des rev\u00eatements Qualitex, haute r\u00e9sistance aux frottements\u00a0 \u2022 Pour mod\u00e8le XXL \u00e9quip\u00e9 d&rsquo;un v\u00e9rin d\u00e9di\u00e9 au dossier : possibilit\u00e9 d&rsquo;extension de repose pieds\t\t\t\t\t\t\t\t<\/div>\n\t\t\t\t<\/div>\n\t\t\t\t\t<\/div>\n\t\t\t\t<\/div>\n\t\t<div class=\"elementor-element elementor-element-67eedc3 e-flex e-con-boxed e-con e-parent\" data-id=\"67eedc3\" data-element_type=\"container\" data-e-type=\"container\">\n\t\t\t\t\t<div class=\"e-con-inner\">\n\t\t<div class=\"elementor-element elementor-element-4c585b4 e-con-full e-flex e-con e-child\" data-id=\"4c585b4\" data-element_type=\"container\" data-e-type=\"container\">\n\t\t\t\t<div class=\"elementor-element elementor-element-7935128 elementor-widget elementor-widget-image\" data-id=\"7935128\" data-element_type=\"widget\" data-e-type=\"widget\" data-widget_type=\"image.default\">\n\t\t\t\t<div class=\"elementor-widget-container\">\n\t\t\t\t\t\t\t\t\t\t\t\t\t\t\t<img fetchpriority=\"high\" decoding=\"async\" width=\"700\" height=\"500\" src=\"https:\/\/medirelax.be\/wp-content\/uploads\/2024\/07\/Revetement-XXL.jpg\" class=\"attachment-large size-large wp-image-1948\" alt=\"Revetement XXL\" srcset=\"https:\/\/medirelax.be\/wp-content\/uploads\/2024\/07\/Revetement-XXL.jpg 700w, https:\/\/medirelax.be\/wp-content\/uploads\/2024\/07\/Revetement-XXL-300x214.jpg 300w, https:\/\/medirelax.be\/wp-content\/uploads\/2024\/07\/Revetement-XXL-600x429.jpg 600w\" sizes=\"(max-width: 700px) 100vw, 700px\" \/>\t\t\t\t\t\t\t\t\t\t\t\t\t\t\t<\/div>\n\t\t\t\t<\/div>\n\t\t\t\t<\/div>\n\t\t<div class=\"elementor-element elementor-element-2532da1 e-con-full e-flex e-con e-child\" data-id=\"2532da1\" data-element_type=\"container\" data-e-type=\"container\">\n\t\t\t\t<div class=\"elementor-element elementor-element-928a8b3 elementor-widget elementor-widget-image\" data-id=\"928a8b3\" data-element_type=\"widget\" data-e-type=\"widget\" data-widget_type=\"image.default\">\n\t\t\t\t<div class=\"elementor-widget-container\">\n\t\t\t\t\t\t\t\t\t\t\t\t\t\t\t<img decoding=\"async\" width=\"700\" height=\"500\" src=\"https:\/\/medirelax.be\/wp-content\/uploads\/2024\/07\/Positions-1-4.jpg\" class=\"attachment-large size-large wp-image-1946\" alt=\"Positions\" srcset=\"https:\/\/medirelax.be\/wp-content\/uploads\/2024\/07\/Positions-1-4.jpg 700w, https:\/\/medirelax.be\/wp-content\/uploads\/2024\/07\/Positions-1-4-300x214.jpg 300w, https:\/\/medirelax.be\/wp-content\/uploads\/2024\/07\/Positions-1-4-600x429.jpg 600w\" sizes=\"(max-width: 700px) 100vw, 700px\" \/>\t\t\t\t\t\t\t\t\t\t\t\t\t\t\t<\/div>\n\t\t\t\t<\/div>\n\t\t\t\t<\/div>\n\t\t\t\t\t<\/div>\n\t\t\t\t<\/div>\n\t\t<div class=\"elementor-element elementor-element-881ddc0 e-flex e-con-boxed e-con e-parent\" data-id=\"881ddc0\" data-element_type=\"container\" data-e-type=\"container\">\n\t\t\t\t\t<div class=\"e-con-inner\">\n\t\t<div class=\"elementor-element elementor-element-94fde25 e-con-full e-flex e-con e-child\" data-id=\"94fde25\" data-element_type=\"container\" data-e-type=\"container\">\n\t\t\t\t<div class=\"elementor-element elementor-element-d5f757c elementor-widget elementor-widget-image\" data-id=\"d5f757c\" data-element_type=\"widget\" data-e-type=\"widget\" data-widget_type=\"image.default\">\n\t\t\t\t<div class=\"elementor-widget-container\">\n\t\t\t\t\t\t\t\t\t\t\t\t\t\t\t<img decoding=\"async\" width=\"700\" height=\"500\" src=\"https:\/\/medirelax.be\/wp-content\/uploads\/2024\/07\/Dimensions-7.jpg\" class=\"attachment-large size-large wp-image-1947\" alt=\"Dimensions\" srcset=\"https:\/\/medirelax.be\/wp-content\/uploads\/2024\/07\/Dimensions-7.jpg 700w, https:\/\/medirelax.be\/wp-content\/uploads\/2024\/07\/Dimensions-7-300x214.jpg 300w, https:\/\/medirelax.be\/wp-content\/uploads\/2024\/07\/Dimensions-7-600x429.jpg 600w\" sizes=\"(max-width: 700px) 100vw, 700px\" \/>\t\t\t\t\t\t\t\t\t\t\t\t\t\t\t<\/div>\n\t\t\t\t<\/div>\n\t\t\t\t<\/div>\n\t\t<div class=\"elementor-element elementor-element-2db4fb7 e-con-full e-flex e-con e-child\" data-id=\"2db4fb7\" data-element_type=\"container\" data-e-type=\"container\">\n\t\t\t\t<\/div>\n\t\t\t\t\t<\/div>\n\t\t\t\t<\/div>\n\t\t\t\t<\/div>\n\t\t","protected":false},"excerpt":{"rendered":"<p>FORTE TAILLE EXTRA LARGE XXL comprenant deux moteurs<\/p>\n<ul>\n<li>POINTS FORTS :\u00a0 Prot\u00e8ge accoudoirs et prot\u00e8ge appui-t\u00eate de s\u00e9rie \u2022 Haut du dossier ergonomique pour un meilleur maintien des cervicales \u2022 Deux boudins lat\u00e9raux sur la partie basse du dossier pour un meilleur maintien lombaire. \u2022 Des rev\u00eatements Qualitex, haute r\u00e9sistance aux frottements\u00a0 \u2022 Pour mod\u00e8le XXL \u00e9quip\u00e9 d&rsquo;un v\u00e9rin d\u00e9di\u00e9 au dossier : possibilit\u00e9 d&rsquo;extension de repose pieds<\/li>\n<\/ul>\n","protected":false},"featured_media":1101,"template":"","meta":[],"product_brand":[],"product_cat":[28,99],"product_tag":[],"class_list":{"0":"post-1096","1":"product","2":"type-product","3":"status-publish","4":"has-post-thumbnail","6":"product_cat-fauteuil-releveur","7":"product_cat-tailles-speciales","9":"first","10":"instock","11":"shipping-taxable","12":"purchasable","13":"product-type-variable","14":"has-default-attributes"},"yoast_head":"<!-- This site is optimized with the Yoast SEO plugin v27.0 - https:\/\/yoast.com\/product\/yoast-seo-wordpress\/ -->\n<title>FORTE TAILLE EXTRA LARGE XXL - Medirelax<\/title>\n<meta name=\"description\" content=\"Prot\u00e8ge accoudoirs et prot\u00e8ge appui-t\u00eate de s\u00e9rie. Haut du dossier ergonomique pour un meilleur maintien des cervicales\" \/>\n<meta name=\"robots\" content=\"index, follow, max-snippet:-1, max-image-preview:large, max-video-preview:-1\" \/>\n<link rel=\"canonical\" href=\"https:\/\/medirelax.be\/?product=forte-taille-extra-large-xxl\" \/>\n<meta property=\"og:locale\" content=\"fr_FR\" \/>\n<meta property=\"og:type\" content=\"article\" \/>\n<meta property=\"og:title\" content=\"FORTE TAILLE EXTRA LARGE XXL - Medirelax\" \/>\n<meta property=\"og:description\" content=\"Prot\u00e8ge accoudoirs et prot\u00e8ge appui-t\u00eate de s\u00e9rie. Haut du dossier ergonomique pour un meilleur maintien des cervicales\" \/>\n<meta property=\"og:url\" content=\"https:\/\/medirelax.be\/?product=forte-taille-extra-large-xxl\" \/>\n<meta property=\"og:site_name\" content=\"Medirelax\" \/>\n<meta property=\"article:modified_time\" content=\"2025-02-27T15:11:54+00:00\" \/>\n<meta property=\"og:image\" content=\"https:\/\/medirelax.be\/wp-content\/uploads\/2024\/07\/Medi-Specifique-forte-taille-XXL.jpg\" \/>\n\t<meta property=\"og:image:width\" content=\"500\" \/>\n\t<meta property=\"og:image:height\" content=\"600\" \/>\n\t<meta property=\"og:image:type\" content=\"image\/jpeg\" \/>\n<meta name=\"twitter:card\" content=\"summary_large_image\" \/>\n<meta name=\"twitter:label1\" content=\"Dur\u00e9e de lecture estim\u00e9e\" \/>\n\t<meta name=\"twitter:data1\" content=\"2 minutes\" \/>\n<script type=\"application\/ld+json\" class=\"yoast-schema-graph\">{\"@context\":\"https:\/\/schema.org\",\"@graph\":[{\"@type\":\"WebPage\",\"@id\":\"https:\/\/medirelax.be\/?product=forte-taille-extra-large-xxl\",\"url\":\"https:\/\/medirelax.be\/?product=forte-taille-extra-large-xxl\",\"name\":\"FORTE TAILLE EXTRA LARGE XXL - Medirelax\",\"isPartOf\":{\"@id\":\"https:\/\/medirelax.be\/#website\"},\"primaryImageOfPage\":{\"@id\":\"https:\/\/medirelax.be\/?product=forte-taille-extra-large-xxl#primaryimage\"},\"image\":{\"@id\":\"https:\/\/medirelax.be\/?product=forte-taille-extra-large-xxl#primaryimage\"},\"thumbnailUrl\":\"https:\/\/medirelax.be\/wp-content\/uploads\/2024\/07\/Medi-Specifique-forte-taille-XXL.jpg\",\"datePublished\":\"2024-07-17T08:01:25+00:00\",\"dateModified\":\"2025-02-27T15:11:54+00:00\",\"description\":\"Prot\u00e8ge accoudoirs et prot\u00e8ge appui-t\u00eate de s\u00e9rie. Haut du dossier ergonomique pour un meilleur maintien des cervicales\",\"breadcrumb\":{\"@id\":\"https:\/\/medirelax.be\/?product=forte-taille-extra-large-xxl#breadcrumb\"},\"inLanguage\":\"fr-FR\",\"potentialAction\":[{\"@type\":\"ReadAction\",\"target\":[\"https:\/\/medirelax.be\/?product=forte-taille-extra-large-xxl\"]}]},{\"@type\":\"ImageObject\",\"inLanguage\":\"fr-FR\",\"@id\":\"https:\/\/medirelax.be\/?product=forte-taille-extra-large-xxl#primaryimage\",\"url\":\"https:\/\/medirelax.be\/wp-content\/uploads\/2024\/07\/Medi-Specifique-forte-taille-XXL.jpg\",\"contentUrl\":\"https:\/\/medirelax.be\/wp-content\/uploads\/2024\/07\/Medi-Specifique-forte-taille-XXL.jpg\",\"width\":500,\"height\":600,\"caption\":\"Medi Spe\u0301cifique forte taille XXL\"},{\"@type\":\"BreadcrumbList\",\"@id\":\"https:\/\/medirelax.be\/?product=forte-taille-extra-large-xxl#breadcrumb\",\"itemListElement\":[{\"@type\":\"ListItem\",\"position\":1,\"name\":\"Home\",\"item\":\"https:\/\/medirelax.be\/\"},{\"@type\":\"ListItem\",\"position\":2,\"name\":\"Shop\",\"item\":\"https:\/\/medirelax.be\/?page_id=10\"},{\"@type\":\"ListItem\",\"position\":3,\"name\":\"FORTE TAILLE EXTRA LARGE XXL\"}]},{\"@type\":\"WebSite\",\"@id\":\"https:\/\/medirelax.be\/#website\",\"url\":\"https:\/\/medirelax.be\/\",\"name\":\"Medirelax\",\"description\":\"Medirelax, un monde de d\u00e9tente et de bien-\u00eatre\",\"potentialAction\":[{\"@type\":\"SearchAction\",\"target\":{\"@type\":\"EntryPoint\",\"urlTemplate\":\"https:\/\/medirelax.be\/?s={search_term_string}\"},\"query-input\":{\"@type\":\"PropertyValueSpecification\",\"valueRequired\":true,\"valueName\":\"search_term_string\"}}],\"inLanguage\":\"fr-FR\"}]}<\/script>\n<!-- \/ Yoast SEO plugin. -->","yoast_head_json":{"title":"FORTE TAILLE EXTRA LARGE XXL - Medirelax","description":"Prot\u00e8ge accoudoirs et prot\u00e8ge appui-t\u00eate de s\u00e9rie. Haut du dossier ergonomique pour un meilleur maintien des cervicales","robots":{"index":"index","follow":"follow","max-snippet":"max-snippet:-1","max-image-preview":"max-image-preview:large","max-video-preview":"max-video-preview:-1"},"canonical":"https:\/\/medirelax.be\/?product=forte-taille-extra-large-xxl","og_locale":"fr_FR","og_type":"article","og_title":"FORTE TAILLE EXTRA LARGE XXL - Medirelax","og_description":"Prot\u00e8ge accoudoirs et prot\u00e8ge appui-t\u00eate de s\u00e9rie. Haut du dossier ergonomique pour un meilleur maintien des cervicales","og_url":"https:\/\/medirelax.be\/?product=forte-taille-extra-large-xxl","og_site_name":"Medirelax","article_modified_time":"2025-02-27T15:11:54+00:00","og_image":[{"width":500,"height":600,"url":"https:\/\/medirelax.be\/wp-content\/uploads\/2024\/07\/Medi-Specifique-forte-taille-XXL.jpg","type":"image\/jpeg"}],"twitter_card":"summary_large_image","twitter_misc":{"Dur\u00e9e de lecture estim\u00e9e":"2 minutes"},"schema":{"@context":"https:\/\/schema.org","@graph":[{"@type":"WebPage","@id":"https:\/\/medirelax.be\/?product=forte-taille-extra-large-xxl","url":"https:\/\/medirelax.be\/?product=forte-taille-extra-large-xxl","name":"FORTE TAILLE EXTRA LARGE XXL - Medirelax","isPartOf":{"@id":"https:\/\/medirelax.be\/#website"},"primaryImageOfPage":{"@id":"https:\/\/medirelax.be\/?product=forte-taille-extra-large-xxl#primaryimage"},"image":{"@id":"https:\/\/medirelax.be\/?product=forte-taille-extra-large-xxl#primaryimage"},"thumbnailUrl":"https:\/\/medirelax.be\/wp-content\/uploads\/2024\/07\/Medi-Specifique-forte-taille-XXL.jpg","datePublished":"2024-07-17T08:01:25+00:00","dateModified":"2025-02-27T15:11:54+00:00","description":"Prot\u00e8ge accoudoirs et prot\u00e8ge appui-t\u00eate de s\u00e9rie. Haut du dossier ergonomique pour un meilleur maintien des cervicales","breadcrumb":{"@id":"https:\/\/medirelax.be\/?product=forte-taille-extra-large-xxl#breadcrumb"},"inLanguage":"fr-FR","potentialAction":[{"@type":"ReadAction","target":["https:\/\/medirelax.be\/?product=forte-taille-extra-large-xxl"]}]},{"@type":"ImageObject","inLanguage":"fr-FR","@id":"https:\/\/medirelax.be\/?product=forte-taille-extra-large-xxl#primaryimage","url":"https:\/\/medirelax.be\/wp-content\/uploads\/2024\/07\/Medi-Specifique-forte-taille-XXL.jpg","contentUrl":"https:\/\/medirelax.be\/wp-content\/uploads\/2024\/07\/Medi-Specifique-forte-taille-XXL.jpg","width":500,"height":600,"caption":"Medi Spe\u0301cifique forte taille XXL"},{"@type":"BreadcrumbList","@id":"https:\/\/medirelax.be\/?product=forte-taille-extra-large-xxl#breadcrumb","itemListElement":[{"@type":"ListItem","position":1,"name":"Home","item":"https:\/\/medirelax.be\/"},{"@type":"ListItem","position":2,"name":"Shop","item":"https:\/\/medirelax.be\/?page_id=10"},{"@type":"ListItem","position":3,"name":"FORTE TAILLE EXTRA LARGE XXL"}]},{"@type":"WebSite","@id":"https:\/\/medirelax.be\/#website","url":"https:\/\/medirelax.be\/","name":"Medirelax","description":"Medirelax, un monde de d\u00e9tente et de bien-\u00eatre","potentialAction":[{"@type":"SearchAction","target":{"@type":"EntryPoint","urlTemplate":"https:\/\/medirelax.be\/?s={search_term_string}"},"query-input":{"@type":"PropertyValueSpecification","valueRequired":true,"valueName":"search_term_string"}}],"inLanguage":"fr-FR"}]}},"_links":{"self":[{"href":"https:\/\/medirelax.be\/index.php?rest_route=\/wp\/v2\/product\/1096","targetHints":{"allow":["GET"]}}],"collection":[{"href":"https:\/\/medirelax.be\/index.php?rest_route=\/wp\/v2\/product"}],"about":[{"href":"https:\/\/medirelax.be\/index.php?rest_route=\/wp\/v2\/types\/product"}],"version-history":[{"count":4,"href":"https:\/\/medirelax.be\/index.php?rest_route=\/wp\/v2\/product\/1096\/revisions"}],"predecessor-version":[{"id":3034,"href":"https:\/\/medirelax.be\/index.php?rest_route=\/wp\/v2\/product\/1096\/revisions\/3034"}],"wp:featuredmedia":[{"embeddable":true,"href":"https:\/\/medirelax.be\/index.php?rest_route=\/wp\/v2\/media\/1101"}],"wp:attachment":[{"href":"https:\/\/medirelax.be\/index.php?rest_route=%2Fwp%2Fv2%2Fmedia&parent=1096"}],"wp:term":[{"taxonomy":"product_brand","embeddable":true,"href":"https:\/\/medirelax.be\/index.php?rest_route=%2Fwp%2Fv2%2Fproduct_brand&post=1096"},{"taxonomy":"product_cat","embeddable":true,"href":"https:\/\/medirelax.be\/index.php?rest_route=%2Fwp%2Fv2%2Fproduct_cat&post=1096"},{"taxonomy":"product_tag","embeddable":true,"href":"https:\/\/medirelax.be\/index.php?rest_route=%2Fwp%2Fv2%2Fproduct_tag&post=1096"}],"curies":[{"name":"wp","href":"https:\/\/api.w.org\/{rel}","templated":true}]}}