{"id":1035,"date":"2024-07-15T17:13:18","date_gmt":"2024-07-15T15:13:18","guid":{"rendered":"https:\/\/medirelax.be\/?post_type=product&#038;p=1035"},"modified":"2025-02-28T16:17:21","modified_gmt":"2025-02-28T15:17:21","slug":"medi-moderne","status":"publish","type":"product","link":"https:\/\/medirelax.be\/?product=medi-moderne","title":{"rendered":"MEDI MODERNE BI MOTEUR"},"content":{"rendered":"\t\t<div data-elementor-type=\"product-post\" data-elementor-id=\"1035\" class=\"elementor elementor-1035\" data-elementor-post-type=\"product\">\n\t\t\t\t<div class=\"elementor-element elementor-element-6339ad5f e-flex e-con-boxed e-con e-parent\" data-id=\"6339ad5f\" data-element_type=\"container\" data-e-type=\"container\">\n\t\t\t\t\t<div class=\"e-con-inner\">\n\t\t\t\t<div class=\"elementor-element elementor-element-17f53712 elementor-widget elementor-widget-text-editor\" data-id=\"17f53712\" data-element_type=\"widget\" data-e-type=\"widget\" data-widget_type=\"text-editor.default\">\n\t\t\t\t<div class=\"elementor-widget-container\">\n\t\t\t\t\t\t\t\t\t<div class=\"page\" title=\"Page 15\">\r\n<div class=\"section\">\r\n<div class=\"layoutArea\">\r\n<div class=\"column\">\r\n\r\nMEDI MODERNE comprenant deux moteurs\r\n\r\nPOINTS FORTS \u2022 Faible encombrement \u2022 Prot\u00e8ge appui t\u00eate de s\u00e9rie \u2022 Son rev\u00eatement Brisa ultra r\u00e9sistant, aussi esth\u00e9tique et plus confortable que du cuir\u00a0 \u2022 Des accoudoirs plus \u00ab hauts \u00bb VOUS APPR\u00c9CIEREZ Son design et son look pour se fondre dans un int\u00e9rieur contemporain\r\n\r\n<\/div>\r\n<\/div>\r\n<\/div>\r\n<\/div>\t\t\t\t\t\t\t\t<\/div>\n\t\t\t\t<\/div>\n\t\t\t\t\t<\/div>\n\t\t\t\t<\/div>\n\t\t<div class=\"elementor-element elementor-element-31df5a1 e-flex e-con-boxed e-con e-parent\" data-id=\"31df5a1\" data-element_type=\"container\" data-e-type=\"container\">\n\t\t\t\t\t<div class=\"e-con-inner\">\n\t\t<div class=\"elementor-element elementor-element-62d9f59 e-con-full e-flex e-con e-child\" data-id=\"62d9f59\" data-element_type=\"container\" data-e-type=\"container\">\n\t\t\t\t<div class=\"elementor-element elementor-element-0b619e0 elementor-widget elementor-widget-image\" data-id=\"0b619e0\" data-element_type=\"widget\" data-e-type=\"widget\" data-widget_type=\"image.default\">\n\t\t\t\t<div class=\"elementor-widget-container\">\n\t\t\t\t\t\t\t\t\t\t\t\t\t\t\t<img fetchpriority=\"high\" decoding=\"async\" width=\"700\" height=\"500\" src=\"https:\/\/medirelax.be\/wp-content\/uploads\/2024\/07\/Revetement-2-.jpg\" class=\"attachment-large size-large wp-image-1892\" alt=\"Revetement 2\" srcset=\"https:\/\/medirelax.be\/wp-content\/uploads\/2024\/07\/Revetement-2-.jpg 700w, https:\/\/medirelax.be\/wp-content\/uploads\/2024\/07\/Revetement-2--300x214.jpg 300w, https:\/\/medirelax.be\/wp-content\/uploads\/2024\/07\/Revetement-2--600x429.jpg 600w\" sizes=\"(max-width: 700px) 100vw, 700px\" \/>\t\t\t\t\t\t\t\t\t\t\t\t\t\t\t<\/div>\n\t\t\t\t<\/div>\n\t\t\t\t<\/div>\n\t\t<div class=\"elementor-element elementor-element-5a9e2bf e-con-full e-flex e-con e-child\" data-id=\"5a9e2bf\" data-element_type=\"container\" data-e-type=\"container\">\n\t\t\t\t<div class=\"elementor-element elementor-element-f3dc736 elementor-widget elementor-widget-image\" data-id=\"f3dc736\" data-element_type=\"widget\" data-e-type=\"widget\" data-widget_type=\"image.default\">\n\t\t\t\t<div class=\"elementor-widget-container\">\n\t\t\t\t\t\t\t\t\t\t\t\t\t\t\t<img decoding=\"async\" width=\"700\" height=\"500\" src=\"https:\/\/medirelax.be\/wp-content\/uploads\/2024\/07\/revetement-1-7.jpg\" class=\"attachment-large size-large wp-image-1893\" alt=\"revetement 1\" srcset=\"https:\/\/medirelax.be\/wp-content\/uploads\/2024\/07\/revetement-1-7.jpg 700w, https:\/\/medirelax.be\/wp-content\/uploads\/2024\/07\/revetement-1-7-300x214.jpg 300w, https:\/\/medirelax.be\/wp-content\/uploads\/2024\/07\/revetement-1-7-600x429.jpg 600w\" sizes=\"(max-width: 700px) 100vw, 700px\" \/>\t\t\t\t\t\t\t\t\t\t\t\t\t\t\t<\/div>\n\t\t\t\t<\/div>\n\t\t\t\t<\/div>\n\t\t\t\t\t<\/div>\n\t\t\t\t<\/div>\n\t\t<div class=\"elementor-element elementor-element-f574be8 e-flex e-con-boxed e-con e-parent\" data-id=\"f574be8\" data-element_type=\"container\" data-e-type=\"container\">\n\t\t\t\t\t<div class=\"e-con-inner\">\n\t\t<div class=\"elementor-element elementor-element-b2b6a42 e-con-full e-flex e-con e-child\" data-id=\"b2b6a42\" data-element_type=\"container\" data-e-type=\"container\">\n\t\t\t\t<div class=\"elementor-element elementor-element-848a5cd elementor-widget elementor-widget-image\" data-id=\"848a5cd\" data-element_type=\"widget\" data-e-type=\"widget\" data-widget_type=\"image.default\">\n\t\t\t\t<div class=\"elementor-widget-container\">\n\t\t\t\t\t\t\t\t\t\t\t\t\t\t\t<img decoding=\"async\" width=\"700\" height=\"500\" src=\"https:\/\/medirelax.be\/wp-content\/uploads\/2024\/07\/Dimensions-1-4.jpg\" class=\"attachment-large size-large wp-image-1890\" alt=\"Dimensions\" srcset=\"https:\/\/medirelax.be\/wp-content\/uploads\/2024\/07\/Dimensions-1-4.jpg 700w, https:\/\/medirelax.be\/wp-content\/uploads\/2024\/07\/Dimensions-1-4-300x214.jpg 300w, https:\/\/medirelax.be\/wp-content\/uploads\/2024\/07\/Dimensions-1-4-600x429.jpg 600w\" sizes=\"(max-width: 700px) 100vw, 700px\" \/>\t\t\t\t\t\t\t\t\t\t\t\t\t\t\t<\/div>\n\t\t\t\t<\/div>\n\t\t\t\t<\/div>\n\t\t<div class=\"elementor-element elementor-element-3205908 e-con-full e-flex e-con e-child\" data-id=\"3205908\" data-element_type=\"container\" data-e-type=\"container\">\n\t\t\t\t<div class=\"elementor-element elementor-element-56ad05f elementor-widget elementor-widget-image\" data-id=\"56ad05f\" data-element_type=\"widget\" data-e-type=\"widget\" data-widget_type=\"image.default\">\n\t\t\t\t<div class=\"elementor-widget-container\">\n\t\t\t\t\t\t\t\t\t\t\t\t\t\t\t<img loading=\"lazy\" decoding=\"async\" width=\"700\" height=\"500\" src=\"https:\/\/medirelax.be\/wp-content\/uploads\/2024\/07\/Positions-7.jpg\" class=\"attachment-large size-large wp-image-1891\" alt=\"Positions\" srcset=\"https:\/\/medirelax.be\/wp-content\/uploads\/2024\/07\/Positions-7.jpg 700w, https:\/\/medirelax.be\/wp-content\/uploads\/2024\/07\/Positions-7-300x214.jpg 300w, https:\/\/medirelax.be\/wp-content\/uploads\/2024\/07\/Positions-7-600x429.jpg 600w\" sizes=\"(max-width: 700px) 100vw, 700px\" \/>\t\t\t\t\t\t\t\t\t\t\t\t\t\t\t<\/div>\n\t\t\t\t<\/div>\n\t\t\t\t<\/div>\n\t\t\t\t\t<\/div>\n\t\t\t\t<\/div>\n\t\t\t\t<\/div>\n\t\t","protected":false},"excerpt":{"rendered":"<p>MEDI MODERNE comprenant deux moteurs<\/p>\n<ul>\n<li>POINTS FORTS \u2022 Faible encombrement \u2022 Prot\u00e8ge appui t\u00eate de s\u00e9rie \u2022 Son rev\u00eatement Brisa ultra r\u00e9sistant, aussi esth\u00e9tique et plus confortable que du cuir\u00a0 \u2022 Des accoudoirs plus \u00ab hauts \u00bb<\/li>\n<li>VOUS APPR\u00c9CIEREZ Son design et son look pour se fondre dans un int\u00e9rieur contemporain<\/li>\n<\/ul>\n","protected":false},"featured_media":1045,"template":"","meta":[],"product_brand":[],"product_cat":[28,101],"product_tag":[],"class_list":{"0":"post-1035","1":"product","2":"type-product","3":"status-publish","4":"has-post-thumbnail","6":"product_cat-fauteuil-releveur","7":"product_cat-fauteuils-medi","9":"first","10":"instock","11":"shipping-taxable","12":"purchasable","13":"product-type-variable","14":"has-default-attributes"},"yoast_head":"<!-- This site is optimized with the Yoast SEO plugin v27.0 - https:\/\/yoast.com\/product\/yoast-seo-wordpress\/ -->\n<title>MEDI MODERNE BI MOTEUR - Medirelax<\/title>\n<meta name=\"description\" content=\"Ide\u0301al pour les personnes de 1.55m a\u0300 1.70m Hauteur et profondeur d\u2019assise facilitant l\u2019acce\u0300s des personnes de taille moyenne. Faible encombrement\" \/>\n<meta name=\"robots\" content=\"index, follow, max-snippet:-1, max-image-preview:large, max-video-preview:-1\" \/>\n<link rel=\"canonical\" href=\"https:\/\/medirelax.be\/?product=medi-moderne\" \/>\n<meta property=\"og:locale\" content=\"fr_FR\" \/>\n<meta property=\"og:type\" content=\"article\" \/>\n<meta property=\"og:title\" content=\"MEDI MODERNE BI MOTEUR - Medirelax\" \/>\n<meta property=\"og:description\" content=\"Ide\u0301al pour les personnes de 1.55m a\u0300 1.70m Hauteur et profondeur d\u2019assise facilitant l\u2019acce\u0300s des personnes de taille moyenne. Faible encombrement\" \/>\n<meta property=\"og:url\" content=\"https:\/\/medirelax.be\/?product=medi-moderne\" \/>\n<meta property=\"og:site_name\" content=\"Medirelax\" \/>\n<meta property=\"article:modified_time\" content=\"2025-02-28T15:17:21+00:00\" \/>\n<meta property=\"og:image\" content=\"https:\/\/medirelax.be\/wp-content\/uploads\/2024\/07\/Medi-Moderne-Acier.jpg\" \/>\n\t<meta property=\"og:image:width\" content=\"500\" \/>\n\t<meta property=\"og:image:height\" content=\"600\" \/>\n\t<meta property=\"og:image:type\" content=\"image\/jpeg\" \/>\n<meta name=\"twitter:card\" content=\"summary_large_image\" \/>\n<meta name=\"twitter:label1\" content=\"Dur\u00e9e de lecture estim\u00e9e\" \/>\n\t<meta name=\"twitter:data1\" content=\"2 minutes\" \/>\n<script type=\"application\/ld+json\" class=\"yoast-schema-graph\">{\"@context\":\"https:\/\/schema.org\",\"@graph\":[{\"@type\":\"WebPage\",\"@id\":\"https:\/\/medirelax.be\/?product=medi-moderne\",\"url\":\"https:\/\/medirelax.be\/?product=medi-moderne\",\"name\":\"MEDI MODERNE BI MOTEUR - Medirelax\",\"isPartOf\":{\"@id\":\"https:\/\/medirelax.be\/#website\"},\"primaryImageOfPage\":{\"@id\":\"https:\/\/medirelax.be\/?product=medi-moderne#primaryimage\"},\"image\":{\"@id\":\"https:\/\/medirelax.be\/?product=medi-moderne#primaryimage\"},\"thumbnailUrl\":\"https:\/\/medirelax.be\/wp-content\/uploads\/2024\/07\/Medi-Moderne-Acier.jpg\",\"datePublished\":\"2024-07-15T15:13:18+00:00\",\"dateModified\":\"2025-02-28T15:17:21+00:00\",\"description\":\"Ide\u0301al pour les personnes de 1.55m a\u0300 1.70m Hauteur et profondeur d\u2019assise facilitant l\u2019acce\u0300s des personnes de taille moyenne. Faible encombrement\",\"breadcrumb\":{\"@id\":\"https:\/\/medirelax.be\/?product=medi-moderne#breadcrumb\"},\"inLanguage\":\"fr-FR\",\"potentialAction\":[{\"@type\":\"ReadAction\",\"target\":[\"https:\/\/medirelax.be\/?product=medi-moderne\"]}]},{\"@type\":\"ImageObject\",\"inLanguage\":\"fr-FR\",\"@id\":\"https:\/\/medirelax.be\/?product=medi-moderne#primaryimage\",\"url\":\"https:\/\/medirelax.be\/wp-content\/uploads\/2024\/07\/Medi-Moderne-Acier.jpg\",\"contentUrl\":\"https:\/\/medirelax.be\/wp-content\/uploads\/2024\/07\/Medi-Moderne-Acier.jpg\",\"width\":500,\"height\":600,\"caption\":\"Medi Moderne Acier\"},{\"@type\":\"BreadcrumbList\",\"@id\":\"https:\/\/medirelax.be\/?product=medi-moderne#breadcrumb\",\"itemListElement\":[{\"@type\":\"ListItem\",\"position\":1,\"name\":\"Home\",\"item\":\"https:\/\/medirelax.be\/\"},{\"@type\":\"ListItem\",\"position\":2,\"name\":\"Shop\",\"item\":\"https:\/\/medirelax.be\/?page_id=10\"},{\"@type\":\"ListItem\",\"position\":3,\"name\":\"MEDI MODERNE BI MOTEUR\"}]},{\"@type\":\"WebSite\",\"@id\":\"https:\/\/medirelax.be\/#website\",\"url\":\"https:\/\/medirelax.be\/\",\"name\":\"Medirelax\",\"description\":\"Medirelax, un monde de d\u00e9tente et de bien-\u00eatre\",\"potentialAction\":[{\"@type\":\"SearchAction\",\"target\":{\"@type\":\"EntryPoint\",\"urlTemplate\":\"https:\/\/medirelax.be\/?s={search_term_string}\"},\"query-input\":{\"@type\":\"PropertyValueSpecification\",\"valueRequired\":true,\"valueName\":\"search_term_string\"}}],\"inLanguage\":\"fr-FR\"}]}<\/script>\n<!-- \/ Yoast SEO plugin. -->","yoast_head_json":{"title":"MEDI MODERNE BI MOTEUR - Medirelax","description":"Ide\u0301al pour les personnes de 1.55m a\u0300 1.70m Hauteur et profondeur d\u2019assise facilitant l\u2019acce\u0300s des personnes de taille moyenne. Faible encombrement","robots":{"index":"index","follow":"follow","max-snippet":"max-snippet:-1","max-image-preview":"max-image-preview:large","max-video-preview":"max-video-preview:-1"},"canonical":"https:\/\/medirelax.be\/?product=medi-moderne","og_locale":"fr_FR","og_type":"article","og_title":"MEDI MODERNE BI MOTEUR - Medirelax","og_description":"Ide\u0301al pour les personnes de 1.55m a\u0300 1.70m Hauteur et profondeur d\u2019assise facilitant l\u2019acce\u0300s des personnes de taille moyenne. Faible encombrement","og_url":"https:\/\/medirelax.be\/?product=medi-moderne","og_site_name":"Medirelax","article_modified_time":"2025-02-28T15:17:21+00:00","og_image":[{"width":500,"height":600,"url":"https:\/\/medirelax.be\/wp-content\/uploads\/2024\/07\/Medi-Moderne-Acier.jpg","type":"image\/jpeg"}],"twitter_card":"summary_large_image","twitter_misc":{"Dur\u00e9e de lecture estim\u00e9e":"2 minutes"},"schema":{"@context":"https:\/\/schema.org","@graph":[{"@type":"WebPage","@id":"https:\/\/medirelax.be\/?product=medi-moderne","url":"https:\/\/medirelax.be\/?product=medi-moderne","name":"MEDI MODERNE BI MOTEUR - Medirelax","isPartOf":{"@id":"https:\/\/medirelax.be\/#website"},"primaryImageOfPage":{"@id":"https:\/\/medirelax.be\/?product=medi-moderne#primaryimage"},"image":{"@id":"https:\/\/medirelax.be\/?product=medi-moderne#primaryimage"},"thumbnailUrl":"https:\/\/medirelax.be\/wp-content\/uploads\/2024\/07\/Medi-Moderne-Acier.jpg","datePublished":"2024-07-15T15:13:18+00:00","dateModified":"2025-02-28T15:17:21+00:00","description":"Ide\u0301al pour les personnes de 1.55m a\u0300 1.70m Hauteur et profondeur d\u2019assise facilitant l\u2019acce\u0300s des personnes de taille moyenne. Faible encombrement","breadcrumb":{"@id":"https:\/\/medirelax.be\/?product=medi-moderne#breadcrumb"},"inLanguage":"fr-FR","potentialAction":[{"@type":"ReadAction","target":["https:\/\/medirelax.be\/?product=medi-moderne"]}]},{"@type":"ImageObject","inLanguage":"fr-FR","@id":"https:\/\/medirelax.be\/?product=medi-moderne#primaryimage","url":"https:\/\/medirelax.be\/wp-content\/uploads\/2024\/07\/Medi-Moderne-Acier.jpg","contentUrl":"https:\/\/medirelax.be\/wp-content\/uploads\/2024\/07\/Medi-Moderne-Acier.jpg","width":500,"height":600,"caption":"Medi Moderne Acier"},{"@type":"BreadcrumbList","@id":"https:\/\/medirelax.be\/?product=medi-moderne#breadcrumb","itemListElement":[{"@type":"ListItem","position":1,"name":"Home","item":"https:\/\/medirelax.be\/"},{"@type":"ListItem","position":2,"name":"Shop","item":"https:\/\/medirelax.be\/?page_id=10"},{"@type":"ListItem","position":3,"name":"MEDI MODERNE BI MOTEUR"}]},{"@type":"WebSite","@id":"https:\/\/medirelax.be\/#website","url":"https:\/\/medirelax.be\/","name":"Medirelax","description":"Medirelax, un monde de d\u00e9tente et de bien-\u00eatre","potentialAction":[{"@type":"SearchAction","target":{"@type":"EntryPoint","urlTemplate":"https:\/\/medirelax.be\/?s={search_term_string}"},"query-input":{"@type":"PropertyValueSpecification","valueRequired":true,"valueName":"search_term_string"}}],"inLanguage":"fr-FR"}]}},"_links":{"self":[{"href":"https:\/\/medirelax.be\/index.php?rest_route=\/wp\/v2\/product\/1035","targetHints":{"allow":["GET"]}}],"collection":[{"href":"https:\/\/medirelax.be\/index.php?rest_route=\/wp\/v2\/product"}],"about":[{"href":"https:\/\/medirelax.be\/index.php?rest_route=\/wp\/v2\/types\/product"}],"version-history":[{"count":3,"href":"https:\/\/medirelax.be\/index.php?rest_route=\/wp\/v2\/product\/1035\/revisions"}],"predecessor-version":[{"id":3129,"href":"https:\/\/medirelax.be\/index.php?rest_route=\/wp\/v2\/product\/1035\/revisions\/3129"}],"wp:featuredmedia":[{"embeddable":true,"href":"https:\/\/medirelax.be\/index.php?rest_route=\/wp\/v2\/media\/1045"}],"wp:attachment":[{"href":"https:\/\/medirelax.be\/index.php?rest_route=%2Fwp%2Fv2%2Fmedia&parent=1035"}],"wp:term":[{"taxonomy":"product_brand","embeddable":true,"href":"https:\/\/medirelax.be\/index.php?rest_route=%2Fwp%2Fv2%2Fproduct_brand&post=1035"},{"taxonomy":"product_cat","embeddable":true,"href":"https:\/\/medirelax.be\/index.php?rest_route=%2Fwp%2Fv2%2Fproduct_cat&post=1035"},{"taxonomy":"product_tag","embeddable":true,"href":"https:\/\/medirelax.be\/index.php?rest_route=%2Fwp%2Fv2%2Fproduct_tag&post=1035"}],"curies":[{"name":"wp","href":"https:\/\/api.w.org\/{rel}","templated":true}]}}