{"id":2078,"date":"2024-08-09T11:42:03","date_gmt":"2024-08-09T09:42:03","guid":{"rendered":"https:\/\/medirelax.be\/?page_id=2078"},"modified":"2024-10-11T12:04:22","modified_gmt":"2024-10-11T10:04:22","slug":"telecommande","status":"publish","type":"page","link":"https:\/\/medirelax.be\/?page_id=2078","title":{"rendered":"T\u00e9l\u00e9commande"},"content":{"rendered":"\t\t<div data-elementor-type=\"wp-page\" data-elementor-id=\"2078\" class=\"elementor elementor-2078\" data-elementor-post-type=\"page\">\n\t\t\t\t\t\t<section class=\"elementor-section elementor-top-section elementor-element elementor-element-33522f6e elementor-section-boxed elementor-section-height-default elementor-section-height-default\" data-id=\"33522f6e\" data-element_type=\"section\" data-e-type=\"section\" data-settings=\"{&quot;background_background&quot;:&quot;classic&quot;}\">\n\t\t\t\t\t\t\t<div class=\"elementor-background-overlay\"><\/div>\n\t\t\t\t\t\t\t<div class=\"elementor-container elementor-column-gap-default\">\n\t\t\t\t\t<div class=\"elementor-column elementor-col-100 elementor-top-column elementor-element elementor-element-5791c18d\" data-id=\"5791c18d\" data-element_type=\"column\" data-e-type=\"column\" data-settings=\"{&quot;background_background&quot;:&quot;classic&quot;}\">\n\t\t\t<div class=\"elementor-widget-wrap elementor-element-populated\">\n\t\t\t\t\t\t<div class=\"elementor-element elementor-element-7e6638d1 elementor-absolute elementor-invisible elementor-widget elementor-widget-heading\" data-id=\"7e6638d1\" data-element_type=\"widget\" data-e-type=\"widget\" data-settings=\"{&quot;_position&quot;:&quot;absolute&quot;,&quot;_animation&quot;:&quot;fadeInUp&quot;}\" data-widget_type=\"heading.default\">\n\t\t\t\t<div class=\"elementor-widget-container\">\n\t\t\t\t\t<div class=\"elementor-heading-title elementor-size-default\">T\u00e9l\u00e9commande<\/div>\t\t\t\t<\/div>\n\t\t\t\t<\/div>\n\t\t\t\t<section class=\"elementor-section elementor-inner-section elementor-element elementor-element-662763a5 elementor-section-boxed elementor-section-height-default elementor-section-height-default\" data-id=\"662763a5\" data-element_type=\"section\" data-e-type=\"section\">\n\t\t\t\t\t\t<div class=\"elementor-container elementor-column-gap-default\">\n\t\t\t\t\t<div class=\"elementor-column elementor-col-100 elementor-inner-column elementor-element elementor-element-510cd467\" data-id=\"510cd467\" data-element_type=\"column\" data-e-type=\"column\">\n\t\t\t<div class=\"elementor-widget-wrap elementor-element-populated\">\n\t\t\t\t\t\t<div class=\"elementor-element elementor-element-6b750f10 elementor-invisible elementor-widget elementor-widget-heading\" data-id=\"6b750f10\" data-element_type=\"widget\" data-e-type=\"widget\" data-settings=\"{&quot;_animation&quot;:&quot;fadeInLeft&quot;}\" data-widget_type=\"heading.default\">\n\t\t\t\t<div class=\"elementor-widget-container\">\n\t\t\t\t\t<h1 class=\"elementor-heading-title elementor-size-default\">T\u00e9l\u00e9commande<\/h1>\t\t\t\t<\/div>\n\t\t\t\t<\/div>\n\t\t\t\t\t<\/div>\n\t\t<\/div>\n\t\t\t\t\t<\/div>\n\t\t<\/section>\n\t\t\t\t\t<\/div>\n\t\t<\/div>\n\t\t\t\t\t<\/div>\n\t\t<\/section>\n\t\t\t\t<section class=\"elementor-section elementor-top-section elementor-element elementor-element-745ef5c8 elementor-reverse-mobile elementor-section-content-middle elementor-section-boxed elementor-section-height-default elementor-section-height-default\" data-id=\"745ef5c8\" data-element_type=\"section\" data-e-type=\"section\" data-settings=\"{&quot;background_background&quot;:&quot;classic&quot;}\">\n\t\t\t\t\t\t<div class=\"elementor-container elementor-column-gap-default\">\n\t\t\t\t\t<div class=\"elementor-column elementor-col-50 elementor-top-column elementor-element elementor-element-259a298f elementor-invisible\" data-id=\"259a298f\" data-element_type=\"column\" data-e-type=\"column\" data-settings=\"{&quot;background_background&quot;:&quot;classic&quot;,&quot;animation&quot;:&quot;fadeInLeft&quot;}\">\n\t\t\t<div class=\"elementor-widget-wrap elementor-element-populated\">\n\t\t\t\t\t\t<div class=\"elementor-element elementor-element-3f3314ec elementor-widget elementor-widget-heading\" data-id=\"3f3314ec\" data-element_type=\"widget\" data-e-type=\"widget\" data-widget_type=\"heading.default\">\n\t\t\t\t<div class=\"elementor-widget-container\">\n\t\t\t\t\t<h3 class=\"elementor-heading-title elementor-size-default\">T\u00e9l\u00e9commande un moteur.<\/h3>\t\t\t\t<\/div>\n\t\t\t\t<\/div>\n\t\t\t\t<div class=\"elementor-element elementor-element-6c48d6d1 elementor-widget elementor-widget-text-editor\" data-id=\"6c48d6d1\" data-element_type=\"widget\" data-e-type=\"widget\" data-widget_type=\"text-editor.default\">\n\t\t\t\t<div class=\"elementor-widget-container\">\n\t\t\t\t\t\t\t\t\t<div class=\"page\" title=\"Page 4\"><div class=\"section\"><div class=\"layoutArea\"><div class=\"column\"><p>Les te\u0301le\u0301commandes des fauteuils 1 moteur sont e\u0301quipe\u0301es d&rsquo;un port USB (pour recharger te\u0301le\u0301phone et tablette).<br \/>2 touches de commande simples et faciles a\u0300 utiliser pour un maximum de combinaisons avec arre\u0302t a\u0300 la position souhaite\u0301e de\u0300s que vous rela\u0302chez la \u00ab pression \u00bb sur la touche.<\/p><\/div><\/div><\/div><\/div>\t\t\t\t\t\t\t\t<\/div>\n\t\t\t\t<\/div>\n\t\t\t\t\t<\/div>\n\t\t<\/div>\n\t\t\t\t<div class=\"elementor-column elementor-col-50 elementor-top-column elementor-element elementor-element-1b90935c elementor-invisible\" data-id=\"1b90935c\" data-element_type=\"column\" data-e-type=\"column\" data-settings=\"{&quot;animation&quot;:&quot;fadeInRight&quot;}\">\n\t\t\t<div class=\"elementor-widget-wrap elementor-element-populated\">\n\t\t\t\t\t\t<div class=\"elementor-element elementor-element-7afc6dca elementor-widget elementor-widget-image\" data-id=\"7afc6dca\" data-element_type=\"widget\" data-e-type=\"widget\" data-widget_type=\"image.default\">\n\t\t\t\t<div class=\"elementor-widget-container\">\n\t\t\t\t\t\t\t\t\t\t\t\t\t\t\t<img decoding=\"async\" width=\"141\" height=\"141\" src=\"https:\/\/medirelax.be\/wp-content\/uploads\/2024\/10\/Telecommande-1-1.png\" class=\"attachment-full size-full wp-image-2366\" alt=\"\" srcset=\"https:\/\/medirelax.be\/wp-content\/uploads\/2024\/10\/Telecommande-1-1.png 141w, https:\/\/medirelax.be\/wp-content\/uploads\/2024\/10\/Telecommande-1-1-100x100.png 100w, https:\/\/medirelax.be\/wp-content\/uploads\/2024\/10\/Telecommande-1-1-50x50.png 50w\" sizes=\"(max-width: 141px) 100vw, 141px\" \/>\t\t\t\t\t\t\t\t\t\t\t\t\t\t\t<\/div>\n\t\t\t\t<\/div>\n\t\t\t\t\t<\/div>\n\t\t<\/div>\n\t\t\t\t\t<\/div>\n\t\t<\/section>\n\t\t\t\t<section class=\"elementor-section elementor-top-section elementor-element elementor-element-e2f48c5 elementor-reverse-mobile elementor-section-content-middle elementor-section-boxed elementor-section-height-default elementor-section-height-default\" data-id=\"e2f48c5\" data-element_type=\"section\" data-e-type=\"section\" data-settings=\"{&quot;background_background&quot;:&quot;classic&quot;}\">\n\t\t\t\t\t\t<div class=\"elementor-container elementor-column-gap-default\">\n\t\t\t\t\t<div class=\"elementor-column elementor-col-50 elementor-top-column elementor-element elementor-element-bf32ebe elementor-invisible\" data-id=\"bf32ebe\" data-element_type=\"column\" data-e-type=\"column\" data-settings=\"{&quot;animation&quot;:&quot;fadeInLeft&quot;}\">\n\t\t\t<div class=\"elementor-widget-wrap elementor-element-populated\">\n\t\t\t\t\t\t<div class=\"elementor-element elementor-element-1d510a8 elementor-widget elementor-widget-image\" data-id=\"1d510a8\" data-element_type=\"widget\" data-e-type=\"widget\" data-widget_type=\"image.default\">\n\t\t\t\t<div class=\"elementor-widget-container\">\n\t\t\t\t\t\t\t\t\t\t\t\t\t\t\t<img fetchpriority=\"high\" decoding=\"async\" width=\"497\" height=\"600\" src=\"https:\/\/medirelax.be\/wp-content\/uploads\/2024\/07\/Telecommande-deux-moteurs.png\" class=\"attachment-full size-full wp-image-1586\" alt=\"\" srcset=\"https:\/\/medirelax.be\/wp-content\/uploads\/2024\/07\/Telecommande-deux-moteurs.png 497w, https:\/\/medirelax.be\/wp-content\/uploads\/2024\/07\/Telecommande-deux-moteurs-249x300.png 249w\" sizes=\"(max-width: 497px) 100vw, 497px\" \/>\t\t\t\t\t\t\t\t\t\t\t\t\t\t\t<\/div>\n\t\t\t\t<\/div>\n\t\t\t\t\t<\/div>\n\t\t<\/div>\n\t\t\t\t<div class=\"elementor-column elementor-col-50 elementor-top-column elementor-element elementor-element-b1bf242 elementor-invisible\" data-id=\"b1bf242\" data-element_type=\"column\" data-e-type=\"column\" data-settings=\"{&quot;background_background&quot;:&quot;classic&quot;,&quot;animation&quot;:&quot;fadeInRight&quot;}\">\n\t\t\t<div class=\"elementor-widget-wrap elementor-element-populated\">\n\t\t\t\t\t\t<div class=\"elementor-element elementor-element-ef22f48 elementor-widget elementor-widget-heading\" data-id=\"ef22f48\" data-element_type=\"widget\" data-e-type=\"widget\" data-widget_type=\"heading.default\">\n\t\t\t\t<div class=\"elementor-widget-container\">\n\t\t\t\t\t<h3 class=\"elementor-heading-title elementor-size-default\">T\u00e9l\u00e9commandes bi-moteurs.<\/h3>\t\t\t\t<\/div>\n\t\t\t\t<\/div>\n\t\t\t\t<div class=\"elementor-element elementor-element-5feb4c0 elementor-widget elementor-widget-text-editor\" data-id=\"5feb4c0\" data-element_type=\"widget\" data-e-type=\"widget\" data-widget_type=\"text-editor.default\">\n\t\t\t\t<div class=\"elementor-widget-container\">\n\t\t\t\t\t\t\t\t\t<div class=\"page\" title=\"Page 4\"><div class=\"section\"><div class=\"layoutArea\"><div class=\"column\"><ul><li><p>Les mode\u0300les Confort Pre\u0301mium bimoteurs, XXL<br \/>(3 moteurs) et XXXL sont e\u0301quipe\u0301s de se\u0301rie d\u2019une te\u0301le\u0301commande standard 6 boutons.Une range\u0301e de 2 boutons pour incliner ou redresser le dossier.<\/p><\/li><li>Une range\u0301e de 2 boutons pour incliner ou redresser le dossier.<\/li><li><p>Une seconde range\u0301e pour actionner le repose jambes et la fonction releveur.<\/p><\/li><li><p>La dernie\u0300re range\u0301e sert a\u0300 la coordination et synchronisation des deux moteurs ensemble. 2 touches (une rouge, une bleue) pour e\u0302tre utilise\u0301es comme la te\u0301le\u0301commande d\u2019un fauteuil mono moteur. Dans la pratique, nous vous conseillons d\u2019abord d\u2019utiliser les boutons synchronisant les 2 moteurs, pour ensuite re\u0301gler de fac\u0327on plus pre\u0301cise la position du dossier ou du repose jambes jusqu\u2019a\u0300 votre position ide\u0301ale recherche\u0301e.<\/p><div class=\"page\" title=\"Page 4\"><div class=\"section\"><div class=\"layoutArea\"><div class=\"column\">\u00a0<\/div><\/div><\/div><\/div><div class=\"page\" title=\"Page 4\"><div class=\"section\"><div class=\"layoutArea\"><div class=\"column\">\u00a0<\/div><\/div><\/div><\/div><div class=\"page\" title=\"Page 4\"><div class=\"section\"><div class=\"layoutArea\"><div class=\"column\">\u00a0<\/div><\/div><\/div><\/div><div class=\"page\" title=\"Page 4\"><div class=\"section\"><div class=\"layoutArea\"><div class=\"column\">\u00a0<\/div><\/div><\/div><\/div><\/li><\/ul><\/div><\/div><\/div><\/div>\t\t\t\t\t\t\t\t<\/div>\n\t\t\t\t<\/div>\n\t\t\t\t\t<\/div>\n\t\t<\/div>\n\t\t\t\t\t<\/div>\n\t\t<\/section>\n\t\t\t\t<section class=\"elementor-section elementor-top-section elementor-element elementor-element-5a7831b elementor-reverse-mobile elementor-section-content-middle elementor-section-boxed elementor-section-height-default elementor-section-height-default\" data-id=\"5a7831b\" data-element_type=\"section\" data-e-type=\"section\" data-settings=\"{&quot;background_background&quot;:&quot;classic&quot;}\">\n\t\t\t\t\t\t<div class=\"elementor-container elementor-column-gap-default\">\n\t\t\t\t\t<div class=\"elementor-column elementor-col-50 elementor-top-column elementor-element elementor-element-07557b4 elementor-invisible\" data-id=\"07557b4\" data-element_type=\"column\" data-e-type=\"column\" data-settings=\"{&quot;animation&quot;:&quot;fadeInLeft&quot;}\">\n\t\t\t<div class=\"elementor-widget-wrap elementor-element-populated\">\n\t\t\t\t\t\t<div class=\"elementor-element elementor-element-a92829e elementor-widget elementor-widget-image\" data-id=\"a92829e\" data-element_type=\"widget\" data-e-type=\"widget\" data-widget_type=\"image.default\">\n\t\t\t\t<div class=\"elementor-widget-container\">\n\t\t\t\t\t\t\t\t\t\t\t\t\t\t\t<img decoding=\"async\" width=\"700\" height=\"500\" src=\"https:\/\/medirelax.be\/wp-content\/uploads\/2024\/08\/remote-1-.jpg\" class=\"attachment-full size-full wp-image-2096\" alt=\"\" srcset=\"https:\/\/medirelax.be\/wp-content\/uploads\/2024\/08\/remote-1-.jpg 700w, https:\/\/medirelax.be\/wp-content\/uploads\/2024\/08\/remote-1--300x214.jpg 300w, https:\/\/medirelax.be\/wp-content\/uploads\/2024\/08\/remote-1--600x429.jpg 600w\" sizes=\"(max-width: 700px) 100vw, 700px\" \/>\t\t\t\t\t\t\t\t\t\t\t\t\t\t\t<\/div>\n\t\t\t\t<\/div>\n\t\t\t\t\t<\/div>\n\t\t<\/div>\n\t\t\t\t<div class=\"elementor-column elementor-col-50 elementor-top-column elementor-element elementor-element-0f259d4 elementor-invisible\" data-id=\"0f259d4\" data-element_type=\"column\" data-e-type=\"column\" data-settings=\"{&quot;background_background&quot;:&quot;classic&quot;,&quot;animation&quot;:&quot;fadeInRight&quot;}\">\n\t\t\t<div class=\"elementor-widget-wrap elementor-element-populated\">\n\t\t\t\t\t\t<div class=\"elementor-element elementor-element-edc3ea9 elementor-widget elementor-widget-heading\" data-id=\"edc3ea9\" data-element_type=\"widget\" data-e-type=\"widget\" data-widget_type=\"heading.default\">\n\t\t\t\t<div class=\"elementor-widget-container\">\n\t\t\t\t\t<h3 class=\"elementor-heading-title elementor-size-default\">Personnalisez votre confort avec notre t\u00e9l\u00e9commande programmable autodrive.<\/h3>\t\t\t\t<\/div>\n\t\t\t\t<\/div>\n\t\t\t\t<div class=\"elementor-element elementor-element-f2ecc87 elementor-widget elementor-widget-heading\" data-id=\"f2ecc87\" data-element_type=\"widget\" data-e-type=\"widget\" data-widget_type=\"heading.default\">\n\t\t\t\t<div class=\"elementor-widget-container\">\n\t\t\t\t\t<h4 class=\"elementor-heading-title elementor-size-default\">\nElle peut \u00eatre utilis\u00e9e comme une t\u00e9l\u00e9commande d'un fauteuil un moteur ( t\u00e9l\u00e9commande \u00e0 deux touches ) :<\/h4>\t\t\t\t<\/div>\n\t\t\t\t<\/div>\n\t\t\t\t<div class=\"elementor-element elementor-element-464981c elementor-widget elementor-widget-text-editor\" data-id=\"464981c\" data-element_type=\"widget\" data-e-type=\"widget\" data-widget_type=\"text-editor.default\">\n\t\t\t\t<div class=\"elementor-widget-container\">\n\t\t\t\t\t\t\t\t\t<div class=\"page\" title=\"Page 4\"><div class=\"section\"><div class=\"layoutArea\"><div class=\"column\"><p>Rise (relever) et Recline (incliner).<br \/>Le fonctionnement des autres touches peut e\u0302tre verrouille\u0301. Des positions pre\u0301 programme\u0301es :<br \/>vous appuyez sur une seule<br \/>touche pour acce\u0301der directement<br \/>a\u0300 la position de votre choix. Une touche=une position (ze\u0301ro Gravite\u0301,<br \/>TV, sommeil, ou assis). Vous avez la possibilite\u0301 d\u2019ajuster ces positions voire me\u0302me de reprogrammer ces positions et me\u0301moriser ainsi vos positions ide\u0301ales et favorites de confort pour les retrouver automatiquement d&rsquo;une seule et simple pression sur la touche reprogramme\u0301e.<br \/>Vous conservez bien su\u0302r les touches pour actionner inde\u0301pendamment le ve\u0301rin du dossier ou le ve\u0301rin de l\u2019assise.<\/p><\/div><\/div><\/div><\/div>\t\t\t\t\t\t\t\t<\/div>\n\t\t\t\t<\/div>\n\t\t\t\t\t<\/div>\n\t\t<\/div>\n\t\t\t\t\t<\/div>\n\t\t<\/section>\n\t\t\t\t<\/div>\n\t\t","protected":false},"excerpt":{"rendered":"<p>T\u00e9l\u00e9commande T\u00e9l\u00e9commande un moteur. Les te\u0301le\u0301commandes des fauteuils 1 moteur sont e\u0301quipe\u0301es d&rsquo;un port USB (pour recharger te\u0301le\u0301phone et tablette).2 touches de commande simples et faciles a\u0300 utiliser pour un maximum de combinaisons avec arre\u0302t a\u0300 la position souhaite\u0301e de\u0300s que vous rela\u0302chez la \u00ab pression \u00bb sur la touche. T\u00e9l\u00e9commandes bi-moteurs. Les mode\u0300les Confort [&hellip;]<\/p>\n","protected":false},"author":1,"featured_media":0,"parent":0,"menu_order":0,"comment_status":"closed","ping_status":"closed","template":"elementor_header_footer","meta":{"footnotes":""},"class_list":["post-2078","page","type-page","status-publish","hentry"],"yoast_head":"<!-- This site is optimized with the Yoast SEO plugin v27.5 - https:\/\/yoast.com\/product\/yoast-seo-wordpress\/ -->\n<title>T\u00e9l\u00e9commande - Medirelax<\/title>\n<meta name=\"robots\" content=\"index, follow, max-snippet:-1, max-image-preview:large, max-video-preview:-1\" \/>\n<link rel=\"canonical\" href=\"https:\/\/medirelax.be\/?page_id=2078\" \/>\n<meta property=\"og:locale\" content=\"fr_FR\" \/>\n<meta property=\"og:type\" content=\"article\" \/>\n<meta property=\"og:title\" content=\"T\u00e9l\u00e9commande - Medirelax\" \/>\n<meta property=\"og:description\" content=\"T\u00e9l\u00e9commande T\u00e9l\u00e9commande un moteur. Les te\u0301le\u0301commandes des fauteuils 1 moteur sont e\u0301quipe\u0301es d&rsquo;un port USB (pour recharger te\u0301le\u0301phone et tablette).2 touches de commande simples et faciles a\u0300 utiliser pour un maximum de combinaisons avec arre\u0302t a\u0300 la position souhaite\u0301e de\u0300s que vous rela\u0302chez la \u00ab pression \u00bb sur la touche. T\u00e9l\u00e9commandes bi-moteurs. Les mode\u0300les Confort [&hellip;]\" \/>\n<meta property=\"og:url\" content=\"https:\/\/medirelax.be\/?page_id=2078\" \/>\n<meta property=\"og:site_name\" content=\"Medirelax\" \/>\n<meta property=\"article:modified_time\" content=\"2024-10-11T10:04:22+00:00\" \/>\n<meta property=\"og:image\" content=\"https:\/\/medirelax.be\/wp-content\/uploads\/2024\/10\/Telecommande-1-1.png\" \/>\n<meta name=\"twitter:card\" content=\"summary_large_image\" \/>\n<meta name=\"twitter:label1\" content=\"Dur\u00e9e de lecture estim\u00e9e\" \/>\n\t<meta name=\"twitter:data1\" content=\"3 minutes\" \/>\n<script type=\"application\/ld+json\" class=\"yoast-schema-graph\">{\"@context\":\"https:\\\/\\\/schema.org\",\"@graph\":[{\"@type\":\"WebPage\",\"@id\":\"https:\\\/\\\/medirelax.be\\\/?page_id=2078\",\"url\":\"https:\\\/\\\/medirelax.be\\\/?page_id=2078\",\"name\":\"T\u00e9l\u00e9commande - Medirelax\",\"isPartOf\":{\"@id\":\"https:\\\/\\\/medirelax.be\\\/#website\"},\"primaryImageOfPage\":{\"@id\":\"https:\\\/\\\/medirelax.be\\\/?page_id=2078#primaryimage\"},\"image\":{\"@id\":\"https:\\\/\\\/medirelax.be\\\/?page_id=2078#primaryimage\"},\"thumbnailUrl\":\"https:\\\/\\\/medirelax.be\\\/wp-content\\\/uploads\\\/2024\\\/10\\\/Telecommande-1-1.png\",\"datePublished\":\"2024-08-09T09:42:03+00:00\",\"dateModified\":\"2024-10-11T10:04:22+00:00\",\"breadcrumb\":{\"@id\":\"https:\\\/\\\/medirelax.be\\\/?page_id=2078#breadcrumb\"},\"inLanguage\":\"fr-FR\",\"potentialAction\":[{\"@type\":\"ReadAction\",\"target\":[\"https:\\\/\\\/medirelax.be\\\/?page_id=2078\"]}]},{\"@type\":\"ImageObject\",\"inLanguage\":\"fr-FR\",\"@id\":\"https:\\\/\\\/medirelax.be\\\/?page_id=2078#primaryimage\",\"url\":\"https:\\\/\\\/medirelax.be\\\/wp-content\\\/uploads\\\/2024\\\/10\\\/Telecommande-1-1.png\",\"contentUrl\":\"https:\\\/\\\/medirelax.be\\\/wp-content\\\/uploads\\\/2024\\\/10\\\/Telecommande-1-1.png\",\"width\":141,\"height\":141},{\"@type\":\"BreadcrumbList\",\"@id\":\"https:\\\/\\\/medirelax.be\\\/?page_id=2078#breadcrumb\",\"itemListElement\":[{\"@type\":\"ListItem\",\"position\":1,\"name\":\"Home\",\"item\":\"https:\\\/\\\/medirelax.be\\\/\"},{\"@type\":\"ListItem\",\"position\":2,\"name\":\"T\u00e9l\u00e9commande\"}]},{\"@type\":\"WebSite\",\"@id\":\"https:\\\/\\\/medirelax.be\\\/#website\",\"url\":\"https:\\\/\\\/medirelax.be\\\/\",\"name\":\"Medirelax\",\"description\":\"Medirelax, un monde de d\u00e9tente et de bien-\u00eatre\",\"potentialAction\":[{\"@type\":\"SearchAction\",\"target\":{\"@type\":\"EntryPoint\",\"urlTemplate\":\"https:\\\/\\\/medirelax.be\\\/?s={search_term_string}\"},\"query-input\":{\"@type\":\"PropertyValueSpecification\",\"valueRequired\":true,\"valueName\":\"search_term_string\"}}],\"inLanguage\":\"fr-FR\"}]}<\/script>\n<!-- \/ Yoast SEO plugin. -->","yoast_head_json":{"title":"T\u00e9l\u00e9commande - Medirelax","robots":{"index":"index","follow":"follow","max-snippet":"max-snippet:-1","max-image-preview":"max-image-preview:large","max-video-preview":"max-video-preview:-1"},"canonical":"https:\/\/medirelax.be\/?page_id=2078","og_locale":"fr_FR","og_type":"article","og_title":"T\u00e9l\u00e9commande - Medirelax","og_description":"T\u00e9l\u00e9commande T\u00e9l\u00e9commande un moteur. Les te\u0301le\u0301commandes des fauteuils 1 moteur sont e\u0301quipe\u0301es d&rsquo;un port USB (pour recharger te\u0301le\u0301phone et tablette).2 touches de commande simples et faciles a\u0300 utiliser pour un maximum de combinaisons avec arre\u0302t a\u0300 la position souhaite\u0301e de\u0300s que vous rela\u0302chez la \u00ab pression \u00bb sur la touche. T\u00e9l\u00e9commandes bi-moteurs. Les mode\u0300les Confort [&hellip;]","og_url":"https:\/\/medirelax.be\/?page_id=2078","og_site_name":"Medirelax","article_modified_time":"2024-10-11T10:04:22+00:00","og_image":[{"url":"https:\/\/medirelax.be\/wp-content\/uploads\/2024\/10\/Telecommande-1-1.png","type":"","width":"","height":""}],"twitter_card":"summary_large_image","twitter_misc":{"Dur\u00e9e de lecture estim\u00e9e":"3 minutes"},"schema":{"@context":"https:\/\/schema.org","@graph":[{"@type":"WebPage","@id":"https:\/\/medirelax.be\/?page_id=2078","url":"https:\/\/medirelax.be\/?page_id=2078","name":"T\u00e9l\u00e9commande - Medirelax","isPartOf":{"@id":"https:\/\/medirelax.be\/#website"},"primaryImageOfPage":{"@id":"https:\/\/medirelax.be\/?page_id=2078#primaryimage"},"image":{"@id":"https:\/\/medirelax.be\/?page_id=2078#primaryimage"},"thumbnailUrl":"https:\/\/medirelax.be\/wp-content\/uploads\/2024\/10\/Telecommande-1-1.png","datePublished":"2024-08-09T09:42:03+00:00","dateModified":"2024-10-11T10:04:22+00:00","breadcrumb":{"@id":"https:\/\/medirelax.be\/?page_id=2078#breadcrumb"},"inLanguage":"fr-FR","potentialAction":[{"@type":"ReadAction","target":["https:\/\/medirelax.be\/?page_id=2078"]}]},{"@type":"ImageObject","inLanguage":"fr-FR","@id":"https:\/\/medirelax.be\/?page_id=2078#primaryimage","url":"https:\/\/medirelax.be\/wp-content\/uploads\/2024\/10\/Telecommande-1-1.png","contentUrl":"https:\/\/medirelax.be\/wp-content\/uploads\/2024\/10\/Telecommande-1-1.png","width":141,"height":141},{"@type":"BreadcrumbList","@id":"https:\/\/medirelax.be\/?page_id=2078#breadcrumb","itemListElement":[{"@type":"ListItem","position":1,"name":"Home","item":"https:\/\/medirelax.be\/"},{"@type":"ListItem","position":2,"name":"T\u00e9l\u00e9commande"}]},{"@type":"WebSite","@id":"https:\/\/medirelax.be\/#website","url":"https:\/\/medirelax.be\/","name":"Medirelax","description":"Medirelax, un monde de d\u00e9tente et de bien-\u00eatre","potentialAction":[{"@type":"SearchAction","target":{"@type":"EntryPoint","urlTemplate":"https:\/\/medirelax.be\/?s={search_term_string}"},"query-input":{"@type":"PropertyValueSpecification","valueRequired":true,"valueName":"search_term_string"}}],"inLanguage":"fr-FR"}]}},"_links":{"self":[{"href":"https:\/\/medirelax.be\/index.php?rest_route=\/wp\/v2\/pages\/2078","targetHints":{"allow":["GET"]}}],"collection":[{"href":"https:\/\/medirelax.be\/index.php?rest_route=\/wp\/v2\/pages"}],"about":[{"href":"https:\/\/medirelax.be\/index.php?rest_route=\/wp\/v2\/types\/page"}],"author":[{"embeddable":true,"href":"https:\/\/medirelax.be\/index.php?rest_route=\/wp\/v2\/users\/1"}],"replies":[{"embeddable":true,"href":"https:\/\/medirelax.be\/index.php?rest_route=%2Fwp%2Fv2%2Fcomments&post=2078"}],"version-history":[{"count":0,"href":"https:\/\/medirelax.be\/index.php?rest_route=\/wp\/v2\/pages\/2078\/revisions"}],"wp:attachment":[{"href":"https:\/\/medirelax.be\/index.php?rest_route=%2Fwp%2Fv2%2Fmedia&parent=2078"}],"curies":[{"name":"wp","href":"https:\/\/api.w.org\/{rel}","templated":true}]}}